CRAN Package Check Results for Package polySegratioMM

Last updated on 2024-06-24 07:53:40 CEST.

Flavor Version Tinstall Tcheck Ttotal Status Flags
r-devel-linux-x86_64-debian-clang 0.6-4 5.24 50.99 56.23 NOTE
r-devel-linux-x86_64-debian-gcc 0.6-4 3.63 38.40 42.03 NOTE
r-devel-linux-x86_64-fedora-clang 0.6-4 68.15 NOTE
r-devel-linux-x86_64-fedora-gcc 0.6-4 78.51 NOTE
r-devel-windows-x86_64 0.6-4 5.00 87.00 92.00 NOTE
r-patched-linux-x86_64 0.6-4 5.66 48.95 54.61 NOTE
r-release-linux-x86_64 0.6-4 4.71 47.49 52.20 NOTE
r-release-macos-arm64 0.6-4 31.00 NOTE
r-release-macos-x86_64 0.6-4 48.00 NOTE
r-release-windows-x86_64 0.6-4 6.00 88.00 94.00 NOTE
r-oldrel-macos-arm64 0.6-4 34.00 OK
r-oldrel-macos-x86_64 0.6-4 48.00 OK
r-oldrel-windows-x86_64 0.6-4 5.00 85.00 90.00 OK

Check Details

Version: 0.6-4
Check: Rd files
Result: NOTE checkRd: (-1) calculateDIC.Rd:30-31: Lost braces in \itemize; meant \describe ? checkRd: (-1) calculateDIC.Rd:32-33: Lost braces in \itemize; meant \describe ? checkRd: (-1) polySegratioMM-package.Rd:70-72: Lost braces in \itemize; meant \describe ? Flavors: r-devel-linux-x86_64-debian-clang, r-devel-linux-x86_64-debian-gcc, r-devel-linux-x86_64-fedora-clang, r-devel-linux-x86_64-fedora-gcc, r-devel-windows-x86_64, r-patched-linux-x86_64, r-release-linux-x86_64, r-release-macos-arm64, r-release-macos-x86_64, r-release-windows-x86_64

Version: 0.6-4
Check: for non-standard things in the check directory
Result: NOTE Found the following files/directories: ‘test-data.R’ ‘test-inits.R’ ‘test.bug’ ‘test.cmd’ Flavors: r-devel-linux-x86_64-debian-clang, r-devel-linux-x86_64-debian-gcc, r-devel-linux-x86_64-fedora-clang, r-devel-linux-x86_64-fedora-gcc, r-patched-linux-x86_64, r-release-linux-x86_64

Version: 0.6-4
Check: Rd cross-references
Result: NOTE Undeclared package ‘Rcmdr’ in Rd xrefs Flavor: r-devel-linux-x86_64-fedora-clang