CRAN Package Check Results for Package plspm

Last updated on 2024-05-29 07:58:11 CEST.

Flavor Version Tinstall Tcheck Ttotal Status Flags
r-devel-linux-x86_64-debian-clang 0.5.1 8.85 77.12 85.97 WARN
r-devel-linux-x86_64-debian-gcc 0.5.1 6.65 55.35 62.00 WARN
r-devel-linux-x86_64-fedora-clang 0.5.1 105.25 OK
r-devel-linux-x86_64-fedora-gcc 0.5.1 110.04 OK
r-devel-windows-x86_64 0.5.1 9.00 97.00 106.00 OK
r-patched-linux-x86_64 0.5.1 11.39 73.23 84.62 OK
r-release-linux-x86_64 0.5.1 6.16 73.43 79.59 OK
r-release-macos-arm64 0.5.1 36.00 OK
r-release-macos-x86_64 0.5.1 98.00 OK
r-release-windows-x86_64 0.5.1 8.00 90.00 98.00 OK
r-oldrel-macos-arm64 0.5.1 41.00 OK
r-oldrel-macos-x86_64 0.5.1 90.00 OK
r-oldrel-windows-x86_64 0.5.1 11.00 99.00 110.00 OK

Check Details

Version: 0.5.1
Check: re-building of vignette outputs
Result: WARN Error(s) in re-building vignettes: ... --- re-building ‘plspm_introduction.Rnw’ using knitr Error: processing vignette 'plspm_introduction.Rnw' failed with diagnostics: Running 'texi2dvi' on 'plspm_introduction.tex' failed. LaTeX errors: ! Undefined control sequence. l.120 \hlkwd{install.packages}\hldef {(}\hlsng{"plspm"}\hldef{)} ? ! Emergency stop. ! Emergency stop. l.120 End of file on the terminal! ! ==> Fatal error occurred, no output PDF file produced! --- failed re-building ‘plspm_introduction.Rnw’ SUMMARY: processing the following file failed: ‘plspm_introduction.Rnw’ Error: Vignette re-building failed. Execution halted Flavors: r-devel-linux-x86_64-debian-clang, r-devel-linux-x86_64-debian-gcc