Last updated on 2023-01-30 09:35:13 CET.
Flavor | Version | Tinstall | Tcheck | Ttotal | Status | Flags |
---|---|---|---|---|---|---|
r-devel-linux-x86_64-debian-clang | 1.5.0 | 37.17 | 269.70 | 306.87 | NOTE | |
r-devel-linux-x86_64-debian-gcc | 1.5.0 | 29.19 | 194.12 | 223.31 | NOTE | |
r-devel-linux-x86_64-fedora-clang | 1.5.0 | 375.53 | NOTE | |||
r-devel-linux-x86_64-fedora-gcc | 1.5.0 | 372.77 | NOTE | |||
r-devel-windows-x86_64 | 1.5.0 | 74.00 | 303.00 | 377.00 | NOTE | |
r-patched-linux-x86_64 | 1.5.0 | 38.22 | 250.84 | 289.06 | NOTE | |
r-release-linux-x86_64 | 1.5.0 | 31.56 | 252.67 | 284.23 | NOTE | |
r-release-macos-arm64 | 1.5.0 | 78.00 | OK | |||
r-release-macos-x86_64 | 1.5.0 | 129.00 | OK | |||
r-release-windows-x86_64 | 1.5.0 | 74.00 | 296.00 | 370.00 | OK | |
r-oldrel-macos-arm64 | 1.5.0 | 77.00 | OK | |||
r-oldrel-macos-x86_64 | 1.5.0 | 121.00 | OK | |||
r-oldrel-windows-ix86+x86_64 | 1.5.0 | 64.00 | 299.00 | 363.00 | OK |
Version: 1.5.0
Check: package dependencies
Result: NOTE
Package suggested but not available for checking: ‘plsdepot’
Flavors: r-devel-linux-x86_64-debian-clang, r-devel-linux-x86_64-debian-gcc, r-devel-linux-x86_64-fedora-clang, r-devel-linux-x86_64-fedora-gcc, r-patched-linux-x86_64, r-release-linux-x86_64
Version: 1.5.0
Check: Rd files
Result: NOTE
checkRd: (-1) PLS_glm_wvc.Rd:5: Escaped LaTeX specials: \_
checkRd: (-1) PLS_lm_wvc.Rd:5: Escaped LaTeX specials: \_
Flavors: r-devel-linux-x86_64-debian-clang, r-devel-linux-x86_64-debian-gcc, r-devel-linux-x86_64-fedora-clang, r-devel-linux-x86_64-fedora-gcc, r-devel-windows-x86_64