Last updated on 2023-01-30 09:35:13 CET.
Flavor | Version | Tinstall | Tcheck | Ttotal | Status | Flags |
---|---|---|---|---|---|---|
r-devel-linux-x86_64-debian-clang | 0.2.9 | 34.15 | 242.89 | 277.04 | NOTE | |
r-devel-linux-x86_64-debian-gcc | 0.2.9 | 24.36 | 172.55 | 196.91 | NOTE | |
r-devel-linux-x86_64-fedora-clang | 0.2.9 | 334.15 | NOTE | |||
r-devel-linux-x86_64-fedora-gcc | 0.2.9 | 332.36 | NOTE | |||
r-devel-windows-x86_64 | 0.2.9 | 63.00 | 267.00 | 330.00 | NOTE | |
r-patched-linux-x86_64 | 0.2.9 | 41.38 | 220.92 | 262.30 | OK | |
r-release-linux-x86_64 | 0.2.9 | 34.47 | 226.09 | 260.56 | OK | |
r-release-macos-arm64 | 0.2.9 | 58.00 | OK | |||
r-release-macos-x86_64 | 0.2.9 | 129.00 | OK | |||
r-release-windows-x86_64 | 0.2.9 | 73.00 | 272.00 | 345.00 | OK | |
r-oldrel-macos-arm64 | 0.2.9 | 56.00 | OK | |||
r-oldrel-macos-x86_64 | 0.2.9 | 119.00 | OK | |||
r-oldrel-windows-ix86+x86_64 | 0.2.9 | 63.00 | 251.00 | 314.00 | OK |
Version: 0.2.9
Check: Rd files
Result: NOTE
checkRd: (-1) PLS_beta_wvc.Rd:5: Escaped LaTeX specials: \_
checkRd: (-1) plsRbeta.Rd:104: Escaped LaTeX specials: \^
Flavors: r-devel-linux-x86_64-debian-clang, r-devel-linux-x86_64-debian-gcc, r-devel-linux-x86_64-fedora-clang, r-devel-linux-x86_64-fedora-gcc, r-devel-windows-x86_64