CRAN Package Check Results for Package pksensi

Last updated on 2024-07-20 19:52:57 CEST.

Flavor Version Tinstall Tcheck Ttotal Status Flags
r-devel-linux-x86_64-debian-clang 1.2.3 6.21 79.56 85.77 OK
r-devel-linux-x86_64-debian-gcc 1.2.3 5.27 58.57 63.84 OK
r-devel-linux-x86_64-fedora-clang 1.2.3 109.98 OK
r-devel-linux-x86_64-fedora-gcc 1.2.3 116.04 OK
r-devel-windows-x86_64 1.2.3 10.00 80.00 90.00 OK
r-patched-linux-x86_64 1.2.3 7.53 75.63 83.16 OK
r-release-linux-x86_64 1.2.3 6.92 73.94 80.86 OK
r-release-macos-arm64 1.2.3 38.00 OK
r-release-macos-x86_64 1.2.3 61.00 OK
r-release-windows-x86_64 1.2.3 8.00 78.00 86.00 OK
r-oldrel-macos-arm64 1.2.3 40.00 OK
r-oldrel-macos-x86_64 1.2.3 59.00 NOTE
r-oldrel-windows-x86_64 1.2.3 10.00 89.00 99.00 OK

Check Details

Version: 1.2.3
Check: package dependencies
Result: NOTE Package suggested but not available for checking: ‘httk’ Flavor: r-oldrel-macos-x86_64