Last updated on 2025-01-19 19:48:27 CET.
Flavor | Version | Tinstall | Tcheck | Ttotal | Status | Flags |
---|---|---|---|---|---|---|
r-devel-linux-x86_64-debian-clang | 1.2.3 | 6.04 | 60.90 | 66.94 | OK | |
r-devel-linux-x86_64-debian-gcc | 1.2.3 | 4.29 | 44.56 | 48.85 | OK | |
r-devel-linux-x86_64-fedora-clang | 1.2.3 | 110.63 | OK | |||
r-devel-linux-x86_64-fedora-gcc | 1.2.3 | 113.63 | OK | |||
r-devel-windows-x86_64 | 1.2.3 | 8.00 | 88.00 | 96.00 | OK | |
r-patched-linux-x86_64 | 1.2.3 | 5.93 | 56.24 | 62.17 | OK | |
r-release-linux-x86_64 | 1.2.3 | 4.65 | 56.15 | 60.80 | OK | |
r-release-macos-arm64 | 1.2.3 | 38.00 | OK | |||
r-release-macos-x86_64 | 1.2.3 | 61.00 | OK | |||
r-release-windows-x86_64 | 1.2.3 | 7.00 | 85.00 | 92.00 | OK | |
r-oldrel-macos-arm64 | 1.2.3 | 40.00 | OK | |||
r-oldrel-macos-x86_64 | 1.2.3 | 59.00 | NOTE | |||
r-oldrel-windows-x86_64 | 1.2.3 | 9.00 | 88.00 | 97.00 | OK |
Version: 1.2.3
Check: package dependencies
Result: NOTE
Package suggested but not available for checking: ‘httk’
Flavor: r-oldrel-macos-x86_64