CRAN Package Check Results for Package pixels

Last updated on 2024-05-24 19:56:40 CEST.

Flavor Version Tinstall Tcheck Ttotal Status Flags
r-devel-linux-x86_64-debian-clang 0.1.1 3.47 38.70 42.17 NOTE
r-devel-linux-x86_64-debian-gcc 0.1.1 3.10 29.95 33.05 NOTE
r-devel-linux-x86_64-fedora-clang 0.1.1 53.51 NOTE
r-devel-linux-x86_64-fedora-gcc 0.1.1 50.31 NOTE
r-devel-windows-x86_64 0.1.1 5.00 51.00 56.00 NOTE
r-patched-linux-x86_64 0.1.1 4.24 37.32 41.56 NOTE
r-release-linux-x86_64 0.1.1 3.55 36.97 40.52 NOTE
r-release-macos-arm64 0.1.1 20.00 NOTE
r-release-windows-x86_64 0.1.1 5.00 51.00 56.00 NOTE
r-oldrel-macos-arm64 0.1.1 22.00 NOTE
r-oldrel-macos-x86_64 0.1.1 29.00 NOTE
r-oldrel-windows-x86_64 0.1.1 6.00 58.00 64.00 NOTE

Check Details

Version: 0.1.1
Check: Rd files
Result: NOTE checkRd: (-1) get_pixels.Rd:27-29: Lost braces 27 | if (interactive()) { | ^ Flavors: r-devel-linux-x86_64-debian-clang, r-devel-linux-x86_64-debian-gcc, r-devel-linux-x86_64-fedora-clang, r-devel-linux-x86_64-fedora-gcc, r-devel-windows-x86_64, r-patched-linux-x86_64, r-release-linux-x86_64, r-release-macos-arm64, r-release-windows-x86_64

Version: 0.1.1
Check: LazyData
Result: NOTE 'LazyData' is specified without a 'data' directory Flavors: r-devel-linux-x86_64-debian-clang, r-devel-linux-x86_64-debian-gcc, r-devel-linux-x86_64-fedora-clang, r-devel-linux-x86_64-fedora-gcc, r-devel-windows-x86_64, r-patched-linux-x86_64, r-release-linux-x86_64, r-release-macos-arm64, r-release-windows-x86_64, r-oldrel-macos-arm64, r-oldrel-macos-x86_64, r-oldrel-windows-x86_64