CRAN Package Check Results for Package pipeliner

Last updated on 2024-06-19 07:57:50 CEST.

Flavor Version Tinstall Tcheck Ttotal Status Flags
r-devel-linux-x86_64-debian-clang 0.1.1 2.26 34.51 36.77 NOTE
r-devel-linux-x86_64-debian-gcc 0.1.1 1.64 25.73 27.37 NOTE
r-devel-linux-x86_64-fedora-clang 0.1.1 46.16 NOTE
r-devel-linux-x86_64-fedora-gcc 0.1.1 56.44 NOTE
r-devel-windows-x86_64 0.1.1 3.00 50.00 53.00 NOTE
r-patched-linux-x86_64 0.1.1 2.29 32.04 34.33 NOTE
r-release-linux-x86_64 0.1.1 2.42 33.66 36.08 NOTE
r-release-macos-arm64 0.1.1 24.00 NOTE
r-release-macos-x86_64 0.1.1 35.00 NOTE
r-release-windows-x86_64 0.1.1 3.00 52.00 55.00 NOTE
r-oldrel-macos-arm64 0.1.1 24.00 NOTE
r-oldrel-macos-x86_64 0.1.1 35.00 NOTE
r-oldrel-windows-x86_64 0.1.1 3.00 52.00 55.00 NOTE

Check Details

Version: 0.1.1
Check: LazyData
Result: NOTE 'LazyData' is specified without a 'data' directory Flavors: r-devel-linux-x86_64-debian-clang, r-devel-linux-x86_64-debian-gcc, r-devel-linux-x86_64-fedora-clang, r-devel-linux-x86_64-fedora-gcc, r-devel-windows-x86_64, r-patched-linux-x86_64, r-release-linux-x86_64, r-release-macos-arm64, r-release-macos-x86_64, r-release-windows-x86_64, r-oldrel-macos-arm64, r-oldrel-macos-x86_64, r-oldrel-windows-x86_64