CRAN Package Check Results for Package pinnacle.data

Last updated on 2024-06-16 19:53:25 CEST.

Flavor Version Tinstall Tcheck Ttotal Status Flags
r-devel-linux-x86_64-debian-clang 0.1.4 6.02 41.02 47.04 NOTE
r-devel-linux-x86_64-debian-gcc 0.1.4 3.83 31.05 34.88 NOTE
r-devel-linux-x86_64-fedora-clang 0.1.4 59.96 NOTE
r-devel-linux-x86_64-fedora-gcc 0.1.4 56.10 NOTE
r-devel-windows-x86_64 0.1.4 5.00 50.00 55.00 OK
r-patched-linux-x86_64 0.1.4 4.99 39.09 44.08 NOTE
r-release-linux-x86_64 0.1.4 5.14 39.64 44.78 NOTE
r-release-macos-arm64 0.1.4 22.00 NOTE
r-release-macos-x86_64 0.1.4 31.00 NOTE
r-release-windows-x86_64 0.1.4 6.00 52.00 58.00 OK
r-oldrel-macos-arm64 0.1.4 23.00 OK
r-oldrel-macos-x86_64 0.1.4 31.00 OK
r-oldrel-windows-x86_64 0.1.4 7.00 57.00 64.00 NOTE

Check Details

Version: 0.1.4
Check: package dependencies
Result: NOTE Package suggested but not available for checking: ‘pinnacle.API’ Flavors: r-devel-linux-x86_64-debian-clang, r-devel-linux-x86_64-debian-gcc, r-devel-linux-x86_64-fedora-clang, r-devel-linux-x86_64-fedora-gcc, r-patched-linux-x86_64, r-release-linux-x86_64, r-release-macos-arm64, r-release-macos-x86_64, r-oldrel-windows-x86_64