CRAN Package Check Results for Package phylter

Last updated on 2024-06-24 07:53:39 CEST.

Flavor Version Tinstall Tcheck Ttotal Status Flags
r-devel-linux-x86_64-debian-clang 0.9.11 23.76 147.15 170.91 NOTE
r-devel-linux-x86_64-debian-gcc 0.9.11 15.47 109.39 124.86 NOTE
r-devel-linux-x86_64-fedora-clang 0.9.11 219.33 NOTE
r-devel-linux-x86_64-fedora-gcc 0.9.11 219.71 NOTE
r-devel-windows-x86_64 0.9.11 22.00 126.00 148.00 NOTE
r-patched-linux-x86_64 0.9.11 19.52 141.83 161.35 NOTE
r-release-linux-x86_64 0.9.11 18.08 144.17 162.25 NOTE
r-release-macos-arm64 0.9.11 61.00 NOTE
r-release-macos-x86_64 0.9.11 99.00 NOTE
r-release-windows-x86_64 0.9.11 21.00 128.00 149.00 NOTE
r-oldrel-macos-arm64 0.9.11 73.00 OK
r-oldrel-macos-x86_64 0.9.11 174.00 OK
r-oldrel-windows-x86_64 0.9.11 27.00 167.00 194.00 OK

Check Details

Version: 0.9.11
Check: Rd files
Result: NOTE checkRd: (-1) phylter.Rd:51: Lost braces; missing escapes or markup? 51 | the output ({out$DiscardedGenes}).} | ^ Flavors: r-devel-linux-x86_64-debian-clang, r-devel-linux-x86_64-debian-gcc, r-devel-linux-x86_64-fedora-clang, r-devel-linux-x86_64-fedora-gcc, r-devel-windows-x86_64, r-patched-linux-x86_64, r-release-linux-x86_64, r-release-macos-arm64, r-release-macos-x86_64, r-release-windows-x86_64