CRAN Package Check Results for Package phase1PRMD

Last updated on 2025-01-23 19:49:32 CET.

Flavor Version Tinstall Tcheck Ttotal Status Flags
r-devel-linux-x86_64-debian-clang 1.0.2 8.80 62.61 71.41 OK
r-devel-linux-x86_64-debian-gcc 1.0.2 5.86 43.40 49.26 OK
r-devel-linux-x86_64-fedora-clang 1.0.2 115.17 OK
r-devel-linux-x86_64-fedora-gcc 1.0.2 102.24 OK
r-devel-windows-x86_64 1.0.2 9.00 79.00 88.00 OK
r-patched-linux-x86_64 1.0.2 7.90 56.92 64.82 OK
r-release-linux-x86_64 1.0.2 7.30 56.41 63.71 OK
r-release-macos-arm64 1.0.2 30.00 OK
r-release-macos-x86_64 1.0.2 49.00 OK
r-release-windows-x86_64 1.0.2 10.00 92.00 102.00 OK
r-oldrel-macos-arm64 1.0.2 32.00 OK
r-oldrel-macos-x86_64 1.0.2 57.00 NOTE
r-oldrel-windows-x86_64 1.0.2 12.00 89.00 101.00 OK

Check Details

Version: 1.0.2
Check: Rd cross-references
Result: NOTE Package unavailable to check Rd xrefs: ‘phase1RMD’ Flavor: r-oldrel-macos-x86_64