CRAN Package Check Results for Package pestr

Last updated on 2023-01-30 09:35:13 CET.

Flavor Version Tinstall Tcheck Ttotal Status Flags
r-devel-linux-x86_64-debian-clang 0.8.2 4.06 58.35 62.41 NOTE
r-devel-linux-x86_64-debian-gcc 0.8.2 3.02 43.75 46.77 NOTE
r-devel-linux-x86_64-fedora-clang 0.8.2 78.04 NOTE
r-devel-linux-x86_64-fedora-gcc 0.8.2 86.21 NOTE
r-devel-windows-x86_64 0.8.2 28.00 100.00 128.00 NOTE
r-patched-linux-x86_64 0.8.2 4.09 55.86 59.95 NOTE
r-release-linux-x86_64 0.8.2 2.77 54.75 57.52 NOTE
r-release-macos-arm64 0.8.2 23.00 NOTE
r-release-macos-x86_64 0.8.2 41.00 NOTE
r-release-windows-x86_64 0.8.2 17.00 94.00 111.00 NOTE
r-oldrel-macos-arm64 0.8.2 22.00 NOTE
r-oldrel-macos-x86_64 0.8.2 40.00 NOTE
r-oldrel-windows-ix86+x86_64 0.8.2 10.00 90.00 100.00 NOTE

Check Details

Version: 0.8.2
Check: package subdirectories
Result: NOTE
    Problems with news in ‘NEWS.md’:
     Cannot extract version info from the following section titles:
     Fixed issues
Flavors: r-devel-linux-x86_64-debian-clang, r-devel-linux-x86_64-debian-gcc, r-devel-linux-x86_64-fedora-clang, r-devel-linux-x86_64-fedora-gcc, r-devel-windows-x86_64

Version: 0.8.2
Check: LazyData
Result: NOTE
     'LazyData' is specified without a 'data' directory
Flavors: r-devel-linux-x86_64-debian-clang, r-devel-linux-x86_64-debian-gcc, r-devel-linux-x86_64-fedora-clang, r-devel-linux-x86_64-fedora-gcc, r-devel-windows-x86_64, r-patched-linux-x86_64, r-release-linux-x86_64, r-release-macos-arm64, r-release-macos-x86_64, r-release-windows-x86_64, r-oldrel-macos-arm64, r-oldrel-macos-x86_64, r-oldrel-windows-ix86+x86_64