CRAN Package Check Results for Package peruse

Last updated on 2024-05-18 07:49:13 CEST.

Flavor Version Tinstall Tcheck Ttotal Status Flags
r-devel-linux-x86_64-debian-clang 0.3.1 2.35 31.15 33.50 NOTE
r-devel-linux-x86_64-debian-gcc 0.3.1 1.97 25.06 27.03 NOTE
r-devel-linux-x86_64-fedora-clang 0.3.1 43.90 NOTE
r-devel-linux-x86_64-fedora-gcc 0.3.1 59.63 NOTE
r-devel-windows-x86_64 0.3.1 3.00 46.00 49.00 NOTE
r-patched-linux-x86_64 0.3.1 3.04 31.65 34.69 NOTE
r-release-linux-x86_64 0.3.1 2.28 31.37 33.65 NOTE
r-release-macos-arm64 0.3.1 17.00 NOTE
r-release-windows-x86_64 0.3.1 4.00 48.00 52.00 NOTE
r-oldrel-macos-arm64 0.3.1 18.00 NOTE
r-oldrel-macos-x86_64 0.3.1 24.00 NOTE
r-oldrel-windows-x86_64 0.3.1 3.00 52.00 55.00 NOTE

Check Details

Version: 0.3.1
Check: LazyData
Result: NOTE 'LazyData' is specified without a 'data' directory Flavors: r-devel-linux-x86_64-debian-clang, r-devel-linux-x86_64-debian-gcc, r-devel-linux-x86_64-fedora-clang, r-devel-linux-x86_64-fedora-gcc, r-devel-windows-x86_64, r-patched-linux-x86_64, r-release-linux-x86_64, r-release-macos-arm64, r-release-windows-x86_64, r-oldrel-macos-arm64, r-oldrel-macos-x86_64, r-oldrel-windows-x86_64