CRAN Package Check Results for Package permGS

Last updated on 2024-05-24 19:56:40 CEST.

Flavor Version Tinstall Tcheck Ttotal Status Flags
r-devel-linux-x86_64-debian-clang 0.2.5 7.30 88.39 95.69 NOTE
r-devel-linux-x86_64-debian-gcc 0.2.5 6.97 64.69 71.66 NOTE
r-devel-linux-x86_64-fedora-clang 0.2.5 116.45 NOTE
r-devel-linux-x86_64-fedora-gcc 0.2.5 112.75 NOTE
r-devel-windows-x86_64 0.2.5 9.00 79.00 88.00 NOTE
r-patched-linux-x86_64 0.2.5 8.94 83.72 92.66 NOTE
r-release-linux-x86_64 0.2.5 9.20 82.51 91.71 NOTE
r-release-macos-arm64 0.2.5 36.00 NOTE
r-release-windows-x86_64 0.2.5 9.00 80.00 89.00 NOTE
r-oldrel-macos-arm64 0.2.5 42.00 NOTE
r-oldrel-macos-x86_64 0.2.5 64.00 NOTE
r-oldrel-windows-x86_64 0.2.5 10.00 95.00 105.00 NOTE

Check Details

Version: 0.2.5
Check: LazyData
Result: NOTE 'LazyData' is specified without a 'data' directory Flavors: r-devel-linux-x86_64-debian-clang, r-devel-linux-x86_64-debian-gcc, r-devel-linux-x86_64-fedora-clang, r-devel-linux-x86_64-fedora-gcc, r-devel-windows-x86_64, r-patched-linux-x86_64, r-release-linux-x86_64, r-release-macos-arm64, r-release-windows-x86_64, r-oldrel-macos-arm64, r-oldrel-macos-x86_64, r-oldrel-windows-x86_64