CRAN Package Check Results for Package pergola

Last updated on 2023-01-31 17:54:14 CET.

Flavor Version Tinstall Tcheck Ttotal Status Flags
r-devel-linux-x86_64-debian-clang 1.0 3.40 68.52 71.92 NOTE
r-devel-linux-x86_64-debian-gcc 1.0 2.37 51.33 53.70 NOTE
r-devel-linux-x86_64-fedora-clang 1.0 90.52 NOTE
r-devel-linux-x86_64-fedora-gcc 1.0 98.51 NOTE
r-devel-windows-x86_64 1.0 16.00 110.00 126.00 NOTE
r-patched-linux-x86_64 1.0 3.57 65.61 69.18 NOTE
r-release-linux-x86_64 1.0 3.10 66.16 69.26 NOTE
r-release-macos-arm64 1.0 33.00 NOTE
r-release-macos-x86_64 1.0 46.00 NOTE
r-release-windows-x86_64 1.0 17.00 112.00 129.00 NOTE
r-oldrel-macos-arm64 1.0 38.00 NOTE
r-oldrel-macos-x86_64 1.0 48.00 NOTE
r-oldrel-windows-ix86+x86_64 1.0 7.00 94.00 101.00 NOTE

Check Details

Version: 1.0
Check: package dependencies
Result: NOTE
    Package suggested but not available for checking: ‘dendextendRcpp’
Flavors: r-devel-linux-x86_64-debian-clang, r-devel-linux-x86_64-debian-gcc, r-devel-linux-x86_64-fedora-clang, r-devel-linux-x86_64-fedora-gcc, r-devel-windows-x86_64, r-patched-linux-x86_64, r-release-linux-x86_64, r-release-macos-arm64, r-release-macos-x86_64, r-release-windows-x86_64, r-oldrel-macos-arm64, r-oldrel-macos-x86_64, r-oldrel-windows-ix86+x86_64