Last updated on 2023-01-30 09:35:13 CET.
Flavor | Version | Tinstall | Tcheck | Ttotal | Status | Flags |
---|---|---|---|---|---|---|
r-devel-linux-x86_64-debian-clang | 0.2.4 | 177.67 | 98.64 | 276.31 | OK | |
r-devel-linux-x86_64-debian-gcc | 0.2.4 | 142.10 | 73.43 | 215.53 | OK | |
r-devel-linux-x86_64-fedora-clang | 0.2.4 | 383.99 | NOTE | |||
r-devel-linux-x86_64-fedora-gcc | 0.2.4 | 420.32 | OK | |||
r-devel-windows-x86_64 | 0.2.4 | 203.00 | 188.00 | 391.00 | NOTE | |
r-patched-linux-x86_64 | 0.2.4 | 120.75 | 97.58 | 218.33 | OK | |
r-release-linux-x86_64 | 0.2.4 | 123.75 | 98.34 | 222.09 | OK | |
r-release-macos-arm64 | 0.2.4 | 99.00 | NOTE | |||
r-release-macos-x86_64 | 0.2.4 | 117.00 | NOTE | |||
r-release-windows-x86_64 | 0.2.4 | 177.00 | 189.00 | 366.00 | NOTE | |
r-oldrel-macos-arm64 | 0.2.4 | 100.00 | NOTE | |||
r-oldrel-macos-x86_64 | 0.2.4 | 121.00 | NOTE | |||
r-oldrel-windows-ix86+x86_64 | 0.2.4 | 405.00 | 265.00 | 670.00 | NOTE |
Version: 0.2.4
Check: installed package size
Result: NOTE
installed size is 6.0Mb
sub-directories of 1Mb or more:
doc 4.0Mb
libs 1.8Mb
Flavors: r-devel-linux-x86_64-fedora-clang, r-devel-windows-x86_64, r-release-macos-arm64, r-release-macos-x86_64, r-release-windows-x86_64, r-oldrel-macos-arm64, r-oldrel-macos-x86_64, r-oldrel-windows-ix86+x86_64