CRAN Package Check Results for Package pdxTrees

Last updated on 2024-06-18 07:57:34 CEST.

Flavor Version Tinstall Tcheck Ttotal Status Flags
r-devel-linux-x86_64-debian-clang 0.4.0 2.79 81.46 84.25 NOTE
r-devel-linux-x86_64-debian-gcc 0.4.0 2.45 61.60 64.05 NOTE
r-devel-linux-x86_64-fedora-clang 0.4.0 108.79 NOTE
r-devel-linux-x86_64-fedora-gcc 0.4.0 115.97 NOTE
r-devel-windows-x86_64 0.4.0 4.00 74.00 78.00 NOTE
r-patched-linux-x86_64 0.4.0 3.28 80.25 83.53 NOTE
r-release-linux-x86_64 0.4.0 2.66 79.67 82.33 NOTE
r-release-macos-arm64 0.4.0 37.00 NOTE
r-release-macos-x86_64 0.4.0 61.00 NOTE
r-release-windows-x86_64 0.4.0 4.00 95.00 99.00 NOTE
r-oldrel-macos-arm64 0.4.0 44.00 NOTE
r-oldrel-macos-x86_64 0.4.0 64.00 NOTE
r-oldrel-windows-x86_64 0.4.0 5.00 87.00 92.00 NOTE

Check Details

Version: 0.4.0
Check: LazyData
Result: NOTE 'LazyData' is specified without a 'data' directory Flavors: r-devel-linux-x86_64-debian-clang, r-devel-linux-x86_64-debian-gcc, r-devel-linux-x86_64-fedora-clang, r-devel-linux-x86_64-fedora-gcc, r-devel-windows-x86_64, r-patched-linux-x86_64, r-release-linux-x86_64, r-release-macos-arm64, r-release-macos-x86_64, r-release-windows-x86_64, r-oldrel-macos-arm64, r-oldrel-macos-x86_64, r-oldrel-windows-x86_64