CRAN Package Check Results for Package pdist

Last updated on 2024-05-27 19:54:05 CEST.

Flavor Version Tinstall Tcheck Ttotal Status Flags
r-devel-linux-x86_64-debian-clang 1.2.1 2.66 22.97 25.63 OK
r-devel-linux-x86_64-debian-gcc 1.2.1 1.86 18.32 20.18 OK
r-devel-linux-x86_64-fedora-clang 1.2.1 32.30 NOTE
r-devel-linux-x86_64-fedora-gcc 1.2.1 30.90 NOTE
r-devel-windows-x86_64 1.2.1 4.00 41.00 45.00 OK
r-patched-linux-x86_64 1.2.1 2.83 22.24 25.07 OK
r-release-linux-x86_64 1.2.1 2.49 21.97 24.46 OK
r-release-macos-arm64 1.2.1 16.00 OK
r-release-windows-x86_64 1.2.1 4.00 41.00 45.00 OK
r-oldrel-macos-arm64 1.2.1 17.00 OK
r-oldrel-macos-x86_64 1.2.1 24.00 OK
r-oldrel-windows-x86_64 1.2.1 5.00 40.00 45.00 OK

Check Details

Version: 1.2.1
Check: compiled code
Result: NOTE File ‘pdist/libs/pdist.so’: Found no calls to: ‘R_registerRoutines’, ‘R_useDynamicSymbols’ It is good practice to register native routines and to disable symbol search. See ‘Writing portable packages’ in the ‘Writing R Extensions’ manual. Flavors: r-devel-linux-x86_64-fedora-clang, r-devel-linux-x86_64-fedora-gcc