CRAN Package Check Results for Package pcutils

Last updated on 2024-06-12 19:54:31 CEST.

Flavor Version Tinstall Tcheck Ttotal Status Flags
r-devel-linux-x86_64-debian-clang 0.2.5 11.06 96.24 107.30 OK
r-devel-linux-x86_64-debian-gcc 0.2.5 0.46 1.73 2.19 ERROR
r-devel-linux-x86_64-fedora-clang 0.2.5 138.95 OK
r-devel-linux-x86_64-fedora-gcc 0.2.5 135.13 OK
r-devel-windows-x86_64 0.2.5 10.00 110.00 120.00 OK
r-patched-linux-x86_64 0.2.5 10.79 94.16 104.95 OK
r-release-linux-x86_64 0.2.5 6.78 93.99 100.77 OK
r-release-macos-arm64 0.2.5 42.00 OK
r-release-macos-x86_64 0.2.5 61.00 OK
r-release-windows-x86_64 0.2.5 10.00 116.00 126.00 OK
r-oldrel-macos-arm64 0.2.5 48.00 OK
r-oldrel-macos-x86_64 0.2.5 83.00 OK
r-oldrel-windows-x86_64 0.2.5 13.00 133.00 146.00 OK

Check Details

Version: 0.2.5
Check: package dependencies
Result: ERROR Packages required but not available: 'dplyr', 'ggplot2', 'reshape2', 'tidyr', 'tibble' Packages suggested but not available for checking: 'ggpubr', 'kableExtra', 'ggsci', 'readr', 'ggalluvial', 'gghalves', 'ggspatial', 'magick', 'ggimage', 'ggpmisc', 'UpSetR', 'igraph', 'plotly', 'stringr', 'ggraph', 'ggrepel', 'treemap', 'devtools', 'rio', 'styler', 'aplot', 'ggbeeswarm', 'ggVennDiagram' See section ‘The DESCRIPTION file’ in the ‘Writing R Extensions’ manual. Flavor: r-devel-linux-x86_64-debian-gcc