Last updated on 2025-01-20 19:49:21 CET.
Flavor | Version | Tinstall | Tcheck | Ttotal | Status | Flags |
---|---|---|---|---|---|---|
r-devel-linux-x86_64-debian-clang | 0.1.8 | 13.55 | 307.05 | 320.60 | NOTE | |
r-devel-linux-x86_64-debian-gcc | 0.1.8 | 8.38 | 186.64 | 195.02 | NOTE | |
r-devel-linux-x86_64-fedora-clang | 0.1.8 | 533.25 | OK | |||
r-devel-linux-x86_64-fedora-gcc | 0.1.8 | 551.09 | OK | |||
r-devel-windows-x86_64 | 0.1.8 | 13.00 | 298.00 | 311.00 | NOTE | |
r-patched-linux-x86_64 | 0.1.8 | 14.04 | 286.69 | 300.73 | OK | |
r-release-linux-x86_64 | 0.1.8 | 11.26 | 288.29 | 299.55 | OK | |
r-release-macos-arm64 | 0.1.8 | 131.00 | OK | |||
r-release-macos-x86_64 | 0.1.8 | 200.00 | OK | |||
r-release-windows-x86_64 | 0.1.8 | 13.00 | 312.00 | 325.00 | OK | |
r-oldrel-macos-arm64 | 0.1.8 | 144.00 | OK | |||
r-oldrel-macos-x86_64 | 0.1.8 | 361.00 | OK | |||
r-oldrel-windows-x86_64 | 0.1.8 | 16.00 | 362.00 | 378.00 | OK |
Version: 0.1.8
Check: Rd cross-references
Result: NOTE
Found the following Rd file(s) with Rd \link{} targets missing package
anchors:
perProb.Rd: pMvdc
Please provide package anchors for all Rd \link{} targets not in the
package itself and the base packages.
Flavors: r-devel-linux-x86_64-debian-clang, r-devel-linux-x86_64-debian-gcc, r-devel-windows-x86_64