Last updated on 2023-01-31 17:54:14 CET.
Flavor | Version | Tinstall | Tcheck | Ttotal | Status | Flags |
---|---|---|---|---|---|---|
r-devel-linux-x86_64-debian-clang | 1.6 | 8.07 | 34.54 | 42.61 | NOTE | |
r-devel-linux-x86_64-debian-gcc | 1.6 | 5.08 | 26.40 | 31.48 | NOTE | |
r-devel-linux-x86_64-fedora-clang | 1.6 | 53.17 | NOTE | |||
r-devel-linux-x86_64-fedora-gcc | 1.6 | 63.00 | NOTE | |||
r-devel-windows-x86_64 | 1.6 | 20.00 | 86.00 | 106.00 | NOTE | |
r-patched-linux-x86_64 | 1.6 | 6.68 | 33.68 | 40.36 | OK | |
r-release-linux-x86_64 | 1.6 | 6.05 | 33.97 | 40.02 | OK | |
r-release-macos-arm64 | 1.6 | 23.00 | OK | |||
r-release-macos-x86_64 | 1.6 | 31.00 | OK | |||
r-release-windows-x86_64 | 1.6 | 19.00 | 86.00 | 105.00 | OK | |
r-oldrel-macos-arm64 | 1.6 | 28.00 | OK | |||
r-oldrel-macos-x86_64 | 1.6 | 47.00 | OK | |||
r-oldrel-windows-ix86+x86_64 | 1.6 | 16.00 | 78.00 | 94.00 | OK |
Version: 1.6
Check: Rd files
Result: NOTE
checkRd: (-1) pan.bd.Rd:65: Escaped LaTeX specials: \$
Flavors: r-devel-linux-x86_64-debian-clang, r-devel-linux-x86_64-debian-gcc, r-devel-linux-x86_64-fedora-clang, r-devel-linux-x86_64-fedora-gcc, r-devel-windows-x86_64