CRAN Package Check Results for Package pafdR

Last updated on 2025-01-22 13:01:20 CET.

Flavor Version Tinstall Tcheck Ttotal Status Flags
r-devel-linux-x86_64-debian-clang 1.0 3.40 31.25 34.65 OK
r-devel-linux-x86_64-debian-gcc 1.0 2.07 24.26 26.33 OK
r-devel-linux-x86_64-fedora-clang 1.0 56.39 OK
r-devel-linux-x86_64-fedora-gcc 1.0 66.81 OK
r-devel-windows-x86_64 1.0 5.00 55.00 60.00 OK
r-patched-linux-x86_64 1.0 3.17 29.78 32.95 NOTE
r-release-linux-x86_64 1.0 2.90 29.70 32.60 NOTE
r-release-macos-arm64 1.0 27.00 NOTE
r-release-macos-x86_64 1.0 40.00 NOTE
r-release-windows-x86_64 1.0 5.00 57.00 62.00 NOTE
r-oldrel-macos-arm64 1.0 27.00 NOTE
r-oldrel-macos-x86_64 1.0 41.00 NOTE
r-oldrel-windows-x86_64 1.0 6.00 60.00 66.00 NOTE

Check Details

Version: 1.0
Check: LazyData
Result: NOTE 'LazyData' is specified without a 'data' directory Flavors: r-patched-linux-x86_64, r-release-linux-x86_64, r-release-macos-arm64, r-release-macos-x86_64, r-release-windows-x86_64, r-oldrel-macos-arm64, r-oldrel-macos-x86_64, r-oldrel-windows-x86_64