CRAN Package Check Results for Package pafdR

Last updated on 2024-05-19 07:56:53 CEST.

Flavor Version Tinstall Tcheck Ttotal Status Flags
r-devel-linux-x86_64-debian-clang 1.0 3.75 39.29 43.04 NOTE
r-devel-linux-x86_64-debian-gcc 1.0 2.94 30.53 33.47 NOTE
r-devel-linux-x86_64-fedora-clang 1.0 54.77 NOTE
r-devel-linux-x86_64-fedora-gcc 1.0 85.10 NOTE
r-devel-windows-x86_64 1.0 5.00 55.00 60.00 NOTE
r-patched-linux-x86_64 1.0 3.75 37.55 41.30 NOTE
r-release-linux-x86_64 1.0 3.90 38.29 42.19 NOTE
r-release-macos-arm64 1.0 27.00 NOTE
r-release-windows-x86_64 1.0 5.00 56.00 61.00 NOTE
r-oldrel-macos-arm64 1.0 27.00 NOTE
r-oldrel-macos-x86_64 1.0 41.00 NOTE
r-oldrel-windows-x86_64 1.0 6.00 58.00 64.00 NOTE

Check Details

Version: 1.0
Check: LazyData
Result: NOTE 'LazyData' is specified without a 'data' directory Flavors: r-devel-linux-x86_64-debian-clang, r-devel-linux-x86_64-debian-gcc, r-devel-linux-x86_64-fedora-clang, r-devel-linux-x86_64-fedora-gcc, r-devel-windows-x86_64, r-patched-linux-x86_64, r-release-linux-x86_64, r-release-macos-arm64, r-release-windows-x86_64, r-oldrel-macos-arm64, r-oldrel-macos-x86_64, r-oldrel-windows-x86_64