CRAN Package Check Results for Package paco

Last updated on 2024-05-25 19:54:28 CEST.

Flavor Version Tinstall Tcheck Ttotal Status Flags
r-devel-linux-x86_64-debian-clang 0.4.2 1.64 29.57 31.21 NOTE
r-devel-linux-x86_64-debian-gcc 0.4.2 2.07 22.81 24.88 NOTE
r-devel-linux-x86_64-fedora-clang 0.4.2 42.49 NOTE
r-devel-linux-x86_64-fedora-gcc 0.4.2 40.11 NOTE
r-devel-windows-x86_64 0.4.2 3.00 44.00 47.00 NOTE
r-patched-linux-x86_64 0.4.2 2.38 28.40 30.78 NOTE
r-release-linux-x86_64 0.4.2 2.06 28.10 30.16 NOTE
r-release-macos-arm64 0.4.2 18.00 NOTE
r-release-windows-x86_64 0.4.2 3.00 44.00 47.00 NOTE
r-oldrel-macos-arm64 0.4.2 18.00 NOTE
r-oldrel-macos-x86_64 0.4.2 24.00 NOTE
r-oldrel-windows-x86_64 0.4.2 3.00 48.00 51.00 NOTE

Check Details

Version: 0.4.2
Check: Rd files
Result: NOTE checkRd: (-1) residuals_paco.Rd:10: Escaped LaTeX specials: \$ Flavors: r-devel-linux-x86_64-debian-clang, r-devel-linux-x86_64-debian-gcc, r-devel-linux-x86_64-fedora-clang, r-devel-linux-x86_64-fedora-gcc, r-devel-windows-x86_64, r-patched-linux-x86_64, r-release-linux-x86_64, r-release-macos-arm64, r-release-windows-x86_64, r-oldrel-macos-arm64, r-oldrel-macos-x86_64, r-oldrel-windows-x86_64

Version: 0.4.2
Check: dependencies in R code
Result: NOTE Namespace in Imports field not imported from: ‘ape’ All declared Imports should be used. Flavors: r-devel-linux-x86_64-fedora-clang, r-devel-linux-x86_64-fedora-gcc