CRAN Package Check Results for Package outbreaker2

Last updated on 2024-06-17 07:49:41 CEST.

Flavor Version Tinstall Tcheck Ttotal Status Flags
r-devel-linux-x86_64-debian-clang 1.1.3 54.85 233.00 287.85 NOTE
r-devel-linux-x86_64-debian-gcc 1.1.3 39.99 182.70 222.69 NOTE
r-devel-linux-x86_64-fedora-clang 1.1.3 399.34 NOTE
r-devel-linux-x86_64-fedora-gcc 1.1.3 410.62 NOTE
r-devel-windows-x86_64 1.1.3 46.00 194.00 240.00 NOTE
r-patched-linux-x86_64 1.1.3 55.93 228.62 284.55 NOTE
r-release-linux-x86_64 1.1.3 48.80 225.56 274.36 NOTE
r-release-macos-arm64 1.1.3 139.00 NOTE
r-release-macos-x86_64 1.1.3 198.00 NOTE
r-release-windows-x86_64 1.1.3 50.00 195.00 245.00 NOTE
r-oldrel-macos-arm64 1.1.3 124.00 NOTE
r-oldrel-macos-x86_64 1.1.3 243.00 NOTE
r-oldrel-windows-x86_64 1.1.3 59.00 235.00 294.00 NOTE

Check Details

Version: 1.1.3
Check: C++ specification
Result: NOTE Specified C++11: please drop specification unless essential Flavors: r-devel-linux-x86_64-debian-clang, r-devel-linux-x86_64-debian-gcc, r-devel-linux-x86_64-fedora-clang, r-devel-linux-x86_64-fedora-gcc, r-devel-windows-x86_64, r-patched-linux-x86_64, r-release-linux-x86_64, r-release-macos-arm64, r-release-macos-x86_64, r-release-windows-x86_64, r-oldrel-macos-arm64, r-oldrel-macos-x86_64, r-oldrel-windows-x86_64