CRAN Package Check Results for Package opentripplanner

Last updated on 2024-06-12 19:54:30 CEST.

Flavor Version Tinstall Tcheck Ttotal Status Flags
r-devel-linux-x86_64-debian-clang 0.5.2 5.89 65.76 71.65 OK
r-devel-linux-x86_64-debian-gcc 0.5.2 0.56 1.85 2.41 ERROR
r-devel-linux-x86_64-fedora-clang 0.5.2 95.97 OK
r-devel-linux-x86_64-fedora-gcc 0.5.2 97.28 OK
r-devel-windows-x86_64 0.5.2 5.00 73.00 78.00 OK
r-patched-linux-x86_64 0.5.2 6.48 62.05 68.53 OK
r-release-linux-x86_64 0.5.2 5.42 63.02 68.44 OK
r-release-macos-arm64 0.5.2 44.00 OK
r-release-macos-x86_64 0.5.2 56.00 OK
r-release-windows-x86_64 0.5.2 6.00 76.00 82.00 OK
r-oldrel-macos-arm64 0.5.2 47.00 OK
r-oldrel-macos-x86_64 0.5.2 73.00 OK
r-oldrel-windows-x86_64 0.5.2 6.00 82.00 88.00 OK

Check Details

Version: 0.5.2
Check: package dependencies
Result: ERROR Package required but not available: ‘purrr’ Packages suggested but not available for checking: 'testthat', 'tibble' See section ‘The DESCRIPTION file’ in the ‘Writing R Extensions’ manual. Flavor: r-devel-linux-x86_64-debian-gcc