CRAN Package Check Results for Package omicwas

Last updated on 2024-06-13 07:50:38 CEST.

Flavor Version Tinstall Tcheck Ttotal Status Flags
r-devel-linux-x86_64-debian-clang 0.8.0 11.66 120.02 131.68 OK
r-devel-linux-x86_64-debian-gcc 0.8.0 0.67 1.70 2.37 ERROR
r-devel-linux-x86_64-fedora-clang 0.8.0 173.22 OK
r-devel-linux-x86_64-fedora-gcc 0.8.0 168.67 OK
r-devel-windows-x86_64 0.8.0 11.00 152.00 163.00 OK
r-patched-linux-x86_64 0.8.0 10.40 117.15 127.55 OK
r-release-linux-x86_64 0.8.0 9.23 115.28 124.51 OK
r-release-macos-arm64 0.8.0 81.00 OK
r-release-macos-x86_64 0.8.0 122.00 OK
r-release-windows-x86_64 0.8.0 13.00 162.00 175.00 OK
r-oldrel-macos-arm64 0.8.0 89.00 OK
r-oldrel-macos-x86_64 0.8.0 143.00 OK
r-oldrel-windows-x86_64 0.8.0 15.00 181.00 196.00 OK

Check Details

Version: 0.8.0
Check: package dependencies
Result: ERROR Packages required but not available: 'broom', 'dplyr', 'purrr', 'tidyr' Package suggested but not available for checking: ‘testthat’ See section ‘The DESCRIPTION file’ in the ‘Writing R Extensions’ manual. Flavor: r-devel-linux-x86_64-debian-gcc