CRAN Package Check Results for Package officer

Last updated on 2024-07-25 20:46:25 CEST.

Flavor Version Tinstall Tcheck Ttotal Status Flags
r-devel-linux-x86_64-debian-clang 0.6.6 29.15 150.10 179.25 OK
r-devel-linux-x86_64-debian-gcc 0.6.6 21.44 110.72 132.16 NOTE
r-devel-linux-x86_64-fedora-clang 0.6.6 219.55 OK
r-devel-linux-x86_64-fedora-gcc 0.6.6 207.98 OK
r-devel-windows-x86_64 0.6.6 26.00 162.00 188.00 NOTE
r-patched-linux-x86_64 0.6.6 OK
r-release-linux-x86_64 0.6.6 23.05 146.63 169.68 OK
r-release-macos-arm64 0.6.6 66.00 OK
r-release-macos-x86_64 0.6.6 120.00 OK
r-release-windows-x86_64 0.6.6 22.00 168.00 190.00 OK
r-oldrel-macos-arm64 0.6.6 71.00 OK
r-oldrel-macos-x86_64 0.6.6 155.00 OK
r-oldrel-windows-x86_64 0.6.6 29.00 191.00 220.00 OK

Check Details

Version: 0.6.6
Check: Rd cross-references
Result: NOTE Found the following Rd file(s) with Rd \link{} targets missing package anchors: uuid_generate.Rd: UUIDgenerate Please provide package anchors for all Rd \link{} targets not in the package itself and the base packages. Flavors: r-devel-linux-x86_64-debian-gcc, r-devel-windows-x86_64