CRAN Package Check Results for Package numbat

Last updated on 2024-06-12 07:57:11 CEST.

Flavor Version Tinstall Tcheck Ttotal Status Flags
r-devel-linux-x86_64-debian-clang 1.4.0 52.38 188.84 241.22 NOTE
r-devel-linux-x86_64-debian-gcc 1.4.0 40.01 140.22 180.23 NOTE
r-devel-linux-x86_64-fedora-clang 1.4.0 332.88 NOTE
r-devel-linux-x86_64-fedora-gcc 1.4.0 291.27 NOTE
r-devel-windows-x86_64 1.4.0 48.00 172.00 220.00 NOTE
r-patched-linux-x86_64 1.4.0 42.23 176.78 219.01 NOTE
r-release-linux-x86_64 1.4.0 45.48 180.58 226.06 NOTE
r-release-macos-arm64 1.4.0 78.00 NOTE
r-release-macos-x86_64 1.4.0 114.00 NOTE
r-release-windows-x86_64 1.4.0 48.00 178.00 226.00 NOTE
r-oldrel-macos-arm64 1.4.0 80.00 NOTE
r-oldrel-macos-x86_64 1.4.0 217.00 NOTE
r-oldrel-windows-x86_64 1.4.0 61.00 216.00 277.00 NOTE

Check Details

Version: 1.4.0
Check: for GNU extensions in Makefiles
Result: NOTE GNU make is a SystemRequirements. Flavors: r-devel-linux-x86_64-debian-clang, r-devel-linux-x86_64-debian-gcc, r-devel-linux-x86_64-fedora-clang, r-devel-linux-x86_64-fedora-gcc, r-devel-windows-x86_64, r-patched-linux-x86_64, r-release-linux-x86_64, r-release-macos-arm64, r-release-macos-x86_64, r-release-windows-x86_64, r-oldrel-macos-arm64, r-oldrel-macos-x86_64, r-oldrel-windows-x86_64

Version: 1.4.0
Check: package dependencies
Result: NOTE Imports includes 31 non-default packages. Importing from so many packages makes the package vulnerable to any of them becoming unavailable. Move as many as possible to Suggests and use conditionally. Flavor: r-devel-linux-x86_64-fedora-clang

Version: 1.4.0
Check: dependencies in R code
Result: NOTE Namespaces in Imports field not imported from: ‘R.utils’ ‘optparse’ ‘vcfR’ All declared Imports should be used. Flavors: r-devel-linux-x86_64-fedora-clang, r-devel-linux-x86_64-fedora-gcc

Version: 1.4.0
Check: installed package size
Result: NOTE installed size is 5.6Mb sub-directories of 1Mb or more: data 4.1Mb Flavors: r-devel-windows-x86_64, r-release-macos-arm64, r-release-macos-x86_64, r-release-windows-x86_64, r-oldrel-macos-arm64, r-oldrel-macos-x86_64, r-oldrel-windows-x86_64