CRAN Package Check Results for Package nse

Last updated on 2024-06-13 07:50:38 CEST.

Flavor Version Tinstall Tcheck Ttotal Status Flags
r-devel-linux-x86_64-debian-clang 1.21 23.54 90.57 114.11 OK
r-devel-linux-x86_64-debian-gcc 1.21 0.22 1.68 1.90 ERROR
r-devel-linux-x86_64-fedora-clang 1.21 166.11 OK
r-devel-linux-x86_64-fedora-gcc 1.21 144.65 OK
r-devel-windows-x86_64 1.21 24.00 94.00 118.00 OK
r-patched-linux-x86_64 1.21 31.25 87.39 118.64 OK
r-release-linux-x86_64 1.21 26.41 87.84 114.25 OK
r-release-macos-arm64 1.21 45.00 OK
r-release-macos-x86_64 1.21 72.00 OK
r-release-windows-x86_64 1.21 24.00 97.00 121.00 OK
r-oldrel-macos-arm64 1.21 50.00 OK
r-oldrel-macos-x86_64 1.21 68.00 OK
r-oldrel-windows-x86_64 1.21 30.00 118.00 148.00 OK

Check Details

Version: 1.21
Check: package dependencies
Result: ERROR Package required but not available: ‘mcmcse’ Package suggested but not available for checking: ‘testthat’ See section ‘The DESCRIPTION file’ in the ‘Writing R Extensions’ manual. Flavor: r-devel-linux-x86_64-debian-gcc