CRAN Package Check Results for Package norm2

Last updated on 2023-01-26 18:49:27 CET.

Flavor Version Tinstall Tcheck Ttotal Status Flags
r-devel-linux-x86_64-debian-clang 2.0.4 14.05 41.77 55.82 OK
r-devel-linux-x86_64-debian-gcc 2.0.4 12.42 31.90 44.32 OK
r-devel-linux-x86_64-fedora-clang 2.0.4 73.31 NOTE
r-devel-linux-x86_64-fedora-gcc 2.0.4 72.75 NOTE
r-patched-linux-x86_64 2.0.4 13.73 40.04 53.77 OK
r-release-linux-x86_64 2.0.4 13.06 39.68 52.74 OK
r-release-macos-arm64 2.0.4 31.00 OK
r-release-macos-x86_64 2.0.4 35.00 OK
r-release-windows-x86_64 2.0.4 23.00 69.00 92.00 OK
r-oldrel-macos-arm64 2.0.4 37.00 OK
r-oldrel-macos-x86_64 2.0.4 43.00 OK
r-oldrel-windows-ix86+x86_64 2.0.4 38.00 55.00 93.00 OK

Check Details

Version: 2.0.4
Check: compiled code
Result: NOTE
    File ‘norm2/libs/norm2.so’:
     Found no calls to: ‘R_registerRoutines’, ‘R_useDynamicSymbols’
    
    It is good practice to register native routines and to disable symbol
    search.
    
    See ‘Writing portable packages’ in the ‘Writing R Extensions’ manual.
Flavors: r-devel-linux-x86_64-fedora-clang, r-devel-linux-x86_64-fedora-gcc