CRAN Package Check Results for Package norm

Last updated on 2023-01-31 17:54:13 CET.

Flavor Version Tinstall Tcheck Ttotal Status Flags
r-devel-linux-x86_64-debian-clang 1.0-10.0 5.27 25.90 31.17 WARN
r-devel-linux-x86_64-debian-gcc 1.0-10.0 3.55 20.53 24.08 WARN
r-devel-linux-x86_64-fedora-clang 1.0-10.0 39.82 WARN
r-devel-linux-x86_64-fedora-gcc 1.0-10.0 38.83 WARN
r-devel-windows-x86_64 1.0-10.0 23.00 64.00 87.00 OK
r-patched-linux-x86_64 1.0-10.0 5.13 26.37 31.50 OK
r-release-linux-x86_64 1.0-10.0 4.42 25.91 30.33 OK
r-release-macos-arm64 1.0-10.0 19.00 OK
r-release-macos-x86_64 1.0-10.0 25.00 OK
r-release-windows-x86_64 1.0-10.0 11.00 53.00 64.00 OK
r-oldrel-macos-arm64 1.0-10.0 17.00 OK
r-oldrel-macos-x86_64 1.0-10.0 23.00 OK
r-oldrel-windows-ix86+x86_64 1.0-10.0 13.00 53.00 66.00 OK

Check Details

Version: 1.0-10.0
Check: whether package can be installed
Result: WARN
    Found the following significant warnings:
     init.c:16:28: warning: a function declaration without a prototype is deprecated in all versions of C [-Wstrict-prototypes]
    See ‘/home/hornik/tmp/R.check/r-devel-clang/Work/PKGS/norm.Rcheck/00install.out’ for details.
    * used C compiler: ‘Debian clang version 15.0.6’
    * used Fortran compiler: ‘GNU Fortran (Debian 12.2.0-14) 12.2.0’
Flavor: r-devel-linux-x86_64-debian-clang

Version: 1.0-10.0
Check: whether package can be installed
Result: WARN
    Found the following significant warnings:
     init.c:16:1: warning: function declaration isn’t a prototype [-Wstrict-prototypes]
    See ‘/home/hornik/tmp/R.check/r-devel-gcc/Work/PKGS/norm.Rcheck/00install.out’ for details.
    * used C compiler: ‘gcc-12 (Debian 12.2.0-14) 12.2.0’
    * used Fortran compiler: ‘GNU Fortran (Debian 12.2.0-14) 12.2.0’
Flavor: r-devel-linux-x86_64-debian-gcc

Version: 1.0-10.0
Check: whether package can be installed
Result: WARN
    Found the following significant warnings:
     init.c:16:28: warning: a function declaration without a prototype is deprecated in all versions of C [-Wstrict-prototypes]
    See ‘/data/gannet/ripley/R/packages/tests-clang/norm.Rcheck/00install.out’ for details.
    * used C compiler: ‘clang version 15.0.7’
    * used Fortran compiler: ‘GNU Fortran (GCC) 12.2.1 20221121 (Red Hat 12.2.1-4)’
Flavor: r-devel-linux-x86_64-fedora-clang

Version: 1.0-10.0
Check: whether package can be installed
Result: WARN
    Found the following significant warnings:
     init.c:16:1: warning: function declaration isn’t a prototype [-Wstrict-prototypes]
    See ‘/data/gannet/ripley/R/packages/tests-devel/norm.Rcheck/00install.out’ for details.
    * used C compiler: ‘gcc (GCC) 12.2.1 20221121 (Red Hat 12.2.1-4)’
    * used Fortran compiler: ‘GNU Fortran (GCC) 12.2.1 20221121 (Red Hat 12.2.1-4)’
Flavor: r-devel-linux-x86_64-fedora-gcc