CRAN Package Check Results for Package noisyCE2

Last updated on 2024-06-19 07:57:49 CEST.

Flavor Version Tinstall Tcheck Ttotal Status Flags
r-devel-linux-x86_64-debian-clang 1.1.0 2.56 27.11 29.67 NOTE
r-devel-linux-x86_64-debian-gcc 1.1.0 1.75 20.56 22.31 NOTE
r-devel-linux-x86_64-fedora-clang 1.1.0 37.40 NOTE
r-devel-linux-x86_64-fedora-gcc 1.1.0 35.56 NOTE
r-devel-windows-x86_64 1.1.0 4.00 42.00 46.00 NOTE
r-patched-linux-x86_64 1.1.0 2.35 26.40 28.75 NOTE
r-release-linux-x86_64 1.1.0 2.27 25.46 27.73 NOTE
r-release-macos-arm64 1.1.0 16.00 NOTE
r-release-macos-x86_64 1.1.0 28.00 NOTE
r-release-windows-x86_64 1.1.0 4.00 44.00 48.00 NOTE
r-oldrel-macos-arm64 1.1.0 16.00 NOTE
r-oldrel-macos-x86_64 1.1.0 22.00 NOTE
r-oldrel-windows-x86_64 1.1.0 3.00 45.00 48.00 NOTE

Check Details

Version: 1.1.0
Check: LazyData
Result: NOTE 'LazyData' is specified without a 'data' directory Flavors: r-devel-linux-x86_64-debian-clang, r-devel-linux-x86_64-debian-gcc, r-devel-linux-x86_64-fedora-clang, r-devel-linux-x86_64-fedora-gcc, r-devel-windows-x86_64, r-patched-linux-x86_64, r-release-linux-x86_64, r-release-macos-arm64, r-release-macos-x86_64, r-release-windows-x86_64, r-oldrel-macos-arm64, r-oldrel-macos-x86_64, r-oldrel-windows-x86_64