CRAN Package Check Results for Package nima

Last updated on 2024-06-14 20:03:27 CEST.

Flavor Version Tinstall Tcheck Ttotal Status Flags
r-devel-linux-x86_64-debian-clang 0.6.2 5.81 59.85 65.66 NOTE
r-devel-linux-x86_64-debian-gcc 0.6.2 5.35 44.99 50.34 NOTE
r-devel-linux-x86_64-fedora-clang 0.6.2 83.09 NOTE
r-devel-linux-x86_64-fedora-gcc 0.6.2 77.55 NOTE
r-devel-windows-x86_64 0.6.2 6.00 71.00 77.00 NOTE
r-patched-linux-x86_64 0.6.2 5.64 56.26 61.90 NOTE
r-release-linux-x86_64 0.6.2 5.08 55.84 60.92 NOTE
r-release-macos-arm64 0.6.2 25.00 NOTE
r-release-macos-x86_64 0.6.2 45.00 NOTE
r-release-windows-x86_64 0.6.2 8.00 68.00 76.00 NOTE
r-oldrel-macos-arm64 0.6.2 28.00 NOTE
r-oldrel-macos-x86_64 0.6.2 40.00 NOTE
r-oldrel-windows-x86_64 0.6.2 8.00 74.00 82.00 NOTE

Check Details

Version: 0.6.2
Check: LazyData
Result: NOTE 'LazyData' is specified without a 'data' directory Flavors: r-devel-linux-x86_64-debian-clang, r-devel-linux-x86_64-debian-gcc, r-devel-linux-x86_64-fedora-clang, r-devel-linux-x86_64-fedora-gcc, r-devel-windows-x86_64, r-patched-linux-x86_64, r-release-linux-x86_64, r-release-macos-arm64, r-release-macos-x86_64, r-release-windows-x86_64, r-oldrel-macos-arm64, r-oldrel-macos-x86_64, r-oldrel-windows-x86_64