CRAN Package Check Results for Package newsanchor

Last updated on 2024-06-15 19:55:05 CEST.

Flavor Version Tinstall Tcheck Ttotal Status Flags
r-devel-linux-x86_64-debian-clang 0.1.1 4.33 54.17 58.50 OK
r-devel-linux-x86_64-debian-gcc 0.1.1 3.58 41.65 45.23 OK
r-devel-linux-x86_64-fedora-clang 0.1.1 80.77 NOTE
r-devel-linux-x86_64-fedora-gcc 0.1.1 84.43 NOTE
r-devel-windows-x86_64 0.1.1 7.00 66.00 73.00 OK
r-patched-linux-x86_64 0.1.1 3.95 53.56 57.51 OK
r-release-linux-x86_64 0.1.1 3.62 52.84 56.46 OK
r-release-macos-arm64 0.1.1 39.00 OK
r-release-macos-x86_64 0.1.1 84.00 OK
r-release-windows-x86_64 0.1.1 6.00 65.00 71.00 OK
r-oldrel-macos-arm64 0.1.1 36.00 OK
r-oldrel-macos-x86_64 0.1.1 53.00 OK
r-oldrel-windows-x86_64 0.1.1 8.00 71.00 79.00 OK

Check Details

Version: 0.1.1
Check: dependencies in R code
Result: NOTE Namespaces in Imports field not imported from: ‘devtools’ ‘xml2’ All declared Imports should be used. Flavors: r-devel-linux-x86_64-fedora-clang, r-devel-linux-x86_64-fedora-gcc

Version: 0.1.1
Check: data for non-ASCII characters
Result: NOTE Note: found 318 marked UTF-8 strings Flavors: r-devel-linux-x86_64-fedora-clang, r-devel-linux-x86_64-fedora-gcc