CRAN Package Check Results for Package networkDynamicData

Last updated on 2024-06-16 19:53:23 CEST.

Flavor Version Tinstall Tcheck Ttotal Status Flags
r-devel-linux-x86_64-debian-clang 0.2.1 4.26 41.12 45.38 NOTE
r-devel-linux-x86_64-debian-gcc 0.2.1 3.33 30.02 33.35 NOTE
r-devel-linux-x86_64-fedora-clang 0.2.1 56.67 NOTE
r-devel-linux-x86_64-fedora-gcc 0.2.1 54.41 NOTE
r-devel-windows-x86_64 0.2.1 4.00 54.00 58.00 NOTE
r-patched-linux-x86_64 0.2.1 9.98 40.23 50.21 NOTE
r-release-linux-x86_64 0.2.1 2.54 38.79 41.33 NOTE
r-release-macos-arm64 0.2.1 22.00 NOTE
r-release-macos-x86_64 0.2.1 33.00 NOTE
r-release-windows-x86_64 0.2.1 4.00 54.00 58.00 NOTE
r-oldrel-macos-arm64 0.2.1 22.00 OK
r-oldrel-macos-x86_64 0.2.1 32.00 OK
r-oldrel-windows-x86_64 0.2.1 6.00 58.00 64.00 OK

Check Details

Version: 0.2.1
Check: Rd files
Result: NOTE checkRd: (-1) harry_potter.Rd:44: Lost braces in \itemize; meant \describe ? checkRd: (-1) harry_potter.Rd:45: Lost braces in \itemize; meant \describe ? checkRd: (-1) harry_potter.Rd:46: Lost braces in \itemize; meant \describe ? checkRd: (-1) harry_potter.Rd:47-48: Lost braces in \itemize; meant \describe ? checkRd: (-1) harry_potter.Rd:49: Lost braces in \itemize; meant \describe ? checkRd: (-1) vanDeBunt_students.Rd:46: Lost braces in \itemize; meant \describe ? checkRd: (-1) vanDeBunt_students.Rd:47: Lost braces in \itemize; meant \describe ? checkRd: (-1) vanDeBunt_students.Rd:48: Lost braces in \itemize; meant \describe ? checkRd: (-1) vanDeBunt_students.Rd:49: Lost braces in \itemize; meant \describe ? Flavors: r-devel-linux-x86_64-debian-clang, r-devel-linux-x86_64-debian-gcc, r-devel-linux-x86_64-fedora-clang, r-devel-linux-x86_64-fedora-gcc, r-devel-windows-x86_64, r-patched-linux-x86_64, r-release-linux-x86_64, r-release-macos-arm64, r-release-macos-x86_64, r-release-windows-x86_64