CRAN Package Check Results for Package nettskjemar

Last updated on 2024-06-17 19:51:36 CEST.

Flavor Version Tinstall Tcheck Ttotal Status Flags
r-devel-linux-x86_64-debian-clang 0.1.4 5.01 67.10 72.11 NOTE
r-devel-linux-x86_64-debian-gcc 0.1.4 5.37 50.26 55.63 NOTE
r-devel-linux-x86_64-fedora-clang 0.1.4 93.68 NOTE
r-devel-linux-x86_64-fedora-gcc 0.1.4 101.41 NOTE
r-devel-windows-x86_64 0.1.4 7.00 71.00 78.00 NOTE
r-patched-linux-x86_64 0.1.4 7.19 64.78 71.97 NOTE
r-release-linux-x86_64 0.1.4 4.36 63.58 67.94 NOTE
r-release-macos-arm64 0.1.4 38.00 NOTE
r-release-macos-x86_64 0.1.4 60.00 NOTE
r-release-windows-x86_64 0.1.4 9.00 72.00 81.00 NOTE
r-oldrel-macos-arm64 0.1.4 35.00 OK
r-oldrel-macos-x86_64 0.1.4 53.00 OK
r-oldrel-windows-x86_64 0.1.4 10.00 77.00 87.00 OK

Check Details

Version: 0.1.4
Check: Rd files
Result: NOTE checkRd: (-1) nettskjema_get_data.Rd:64-65: Lost braces in \itemize; meant \describe ? checkRd: (-1) nettskjema_get_data.Rd:66-67: Lost braces in \itemize; meant \describe ? checkRd: (-1) nettskjema_get_data.Rd:68-69: Lost braces in \itemize; meant \describe ? checkRd: (-1) nettskjema_token2renviron.Rd:32: Lost braces in \itemize; meant \describe ? checkRd: (-1) nettskjema_token2renviron.Rd:33: Lost braces in \itemize; meant \describe ? checkRd: (-1) nettskjema_token2renviron.Rd:34: Lost braces in \itemize; meant \describe ? checkRd: (-1) nettskjema_write_codebook.Rd:44: Lost braces in \itemize; meant \describe ? checkRd: (-1) nettskjema_write_codebook.Rd:45: Lost braces in \itemize; meant \describe ? Flavors: r-devel-linux-x86_64-debian-clang, r-devel-linux-x86_64-debian-gcc, r-devel-linux-x86_64-fedora-clang, r-devel-linux-x86_64-fedora-gcc, r-devel-windows-x86_64, r-patched-linux-x86_64, r-release-linux-x86_64, r-release-macos-arm64, r-release-macos-x86_64, r-release-windows-x86_64