CRAN Package Check Results for Package neighbr

Last updated on 2024-05-19 19:53:16 CEST.

Flavor Version Tinstall Tcheck Ttotal Status Flags
r-devel-linux-x86_64-debian-clang 1.0.3 2.63 39.03 41.66 NOTE
r-devel-linux-x86_64-debian-gcc 1.0.3 1.76 29.25 31.01 NOTE
r-devel-linux-x86_64-fedora-clang 1.0.3 52.60 NOTE
r-devel-linux-x86_64-fedora-gcc 1.0.3 69.05 NOTE
r-devel-windows-x86_64 1.0.3 2.00 50.00 52.00 NOTE
r-patched-linux-x86_64 1.0.3 2.72 37.72 40.44 NOTE
r-release-linux-x86_64 1.0.3 2.60 37.72 40.32 NOTE
r-release-macos-arm64 1.0.3 24.00 NOTE
r-release-windows-x86_64 1.0.3 4.00 50.00 54.00 NOTE
r-oldrel-macos-arm64 1.0.3 24.00 NOTE
r-oldrel-macos-x86_64 1.0.3 38.00 NOTE
r-oldrel-windows-x86_64 1.0.3 3.00 54.00 57.00 NOTE

Check Details

Version: 1.0.3
Check: LazyData
Result: NOTE 'LazyData' is specified without a 'data' directory Flavors: r-devel-linux-x86_64-debian-clang, r-devel-linux-x86_64-debian-gcc, r-devel-linux-x86_64-fedora-clang, r-devel-linux-x86_64-fedora-gcc, r-devel-windows-x86_64, r-patched-linux-x86_64, r-release-linux-x86_64, r-release-macos-arm64, r-release-windows-x86_64, r-oldrel-macos-arm64, r-oldrel-macos-x86_64, r-oldrel-windows-x86_64