CRAN Package Check Results for Package multiverse

Last updated on 2024-05-24 19:56:38 CEST.

Flavor Version Tinstall Tcheck Ttotal Status Flags
r-devel-linux-x86_64-debian-clang 0.6.1 9.45 123.05 132.50 NOTE
r-devel-linux-x86_64-debian-gcc 0.6.1 5.90 90.06 95.96 NOTE
r-devel-linux-x86_64-fedora-clang 0.6.1 167.39 NOTE
r-devel-linux-x86_64-fedora-gcc 0.6.1 168.03 NOTE
r-devel-windows-x86_64 0.6.1 9.00 117.00 126.00 NOTE
r-patched-linux-x86_64 0.6.1 8.05 113.76 121.81 NOTE
r-release-linux-x86_64 0.6.1 5.53 114.02 119.55 NOTE
r-release-macos-arm64 0.6.1 71.00 NOTE
r-release-windows-x86_64 0.6.1 9.00 118.00 127.00 NOTE
r-oldrel-macos-arm64 0.6.1 66.00 OK
r-oldrel-macos-x86_64 0.6.1 99.00 OK
r-oldrel-windows-x86_64 0.6.1 11.00 134.00 145.00 OK

Check Details

Version: 0.6.1
Check: Rd files
Result: NOTE checkRd: (-1) durante.Rd:60-61: Lost braces 60 | in their study, \doi{10.1177/0956797612466416}{\emph{The | ^ checkRd: (-1) hurricane.Rd:34: Lost braces 34 | in their study, \doi{10.1073/pnas.1402786111}{\emph{Female hurricanes are deadlier than male hurricanes}}. | ^ checkRd: (-1) userlogs.Rd:33: Lost braces 33 | \doi{10.1145/2470654.2481359}{Evaluating the Efficiency of Physical Visualizations} | ^ Flavors: r-devel-linux-x86_64-debian-clang, r-devel-linux-x86_64-debian-gcc, r-devel-linux-x86_64-fedora-clang, r-devel-linux-x86_64-fedora-gcc, r-devel-windows-x86_64, r-patched-linux-x86_64, r-release-linux-x86_64, r-release-macos-arm64, r-release-windows-x86_64