CRAN Package Check Results for Package multipol

Last updated on 2024-05-19 07:56:51 CEST.

Flavor Version Tinstall Tcheck Ttotal Status Flags
r-devel-linux-x86_64-debian-clang 1.0-9 3.03 43.02 46.05 OK
r-devel-linux-x86_64-debian-gcc 1.0-9 2.03 31.99 34.02 OK
r-devel-linux-x86_64-fedora-clang 1.0-9 58.51 OK
r-devel-linux-x86_64-fedora-gcc 1.0-9 77.88 OK
r-devel-windows-x86_64 1.0-9 3.00 72.00 75.00 OK
r-patched-linux-x86_64 1.0-9 2.71 41.72 44.43 OK
r-release-linux-x86_64 1.0-9 2.14 40.49 42.63 OK
r-release-macos-arm64 1.0-9 31.00 WARN
r-release-windows-x86_64 1.0-9 3.00 72.00 75.00 OK
r-oldrel-macos-arm64 1.0-9 33.00 NOTE
r-oldrel-macos-x86_64 1.0-9 61.00 OK
r-oldrel-windows-x86_64 1.0-9 3.00 72.00 75.00 OK

Check Details

Version: 1.0-9
Check: re-building of vignette outputs
Result: WARN Error(s) in re-building vignettes: --- re-building ‘multipol.Rnw’ using Sweave Loading required package: multipol Loading required package: abind Attaching package: ‘multipol’ The following object is masked from ‘package:stats’: deriv The following object is masked from ‘package:base’: single Loading required package: polynom Error: processing vignette 'multipol.Rnw' failed with diagnostics: Running 'texi2dvi' on 'multipol.tex' failed. LaTeX errors: !pdfTeX error: pdflatex (file bbm10): Font bbm10 at 657 not found ==> Fatal error occurred, no output PDF file produced! --- failed re-building ‘multipol.Rnw’ SUMMARY: processing the following file failed: ‘multipol.Rnw’ Error: Vignette re-building failed. Execution halted Flavor: r-release-macos-arm64

Version: 1.0-9
Check: re-building of vignette outputs
Result: NOTE Error(s) in re-building vignettes: --- re-building ‘multipol.Rnw’ using Sweave Loading required package: multipol Loading required package: abind Attaching package: ‘multipol’ The following object is masked from ‘package:stats’: deriv The following object is masked from ‘package:base’: single Loading required package: polynom Error: processing vignette 'multipol.Rnw' failed with diagnostics: Running 'texi2dvi' on 'multipol.tex' failed. LaTeX errors: !pdfTeX error: pdflatex (file bbm10): Font bbm10 at 657 not found ==> Fatal error occurred, no output PDF file produced! --- failed re-building ‘multipol.Rnw’ SUMMARY: processing the following file failed: ‘multipol.Rnw’ Error: Vignette re-building failed. Execution halted Flavor: r-oldrel-macos-arm64