CRAN Package Check Results for Package mrgsim.sa

Last updated on 2024-06-13 07:50:37 CEST.

Flavor Version Tinstall Tcheck Ttotal Status Flags
r-devel-linux-x86_64-debian-clang 0.2.0 9.15 110.34 119.49 OK
r-devel-linux-x86_64-debian-gcc 0.2.0 0.46 1.74 2.20 ERROR
r-devel-linux-x86_64-fedora-clang 0.2.0 150.13 OK
r-devel-linux-x86_64-fedora-gcc 0.2.0 154.86 OK
r-devel-windows-x86_64 0.2.0 8.00 98.00 106.00 OK
r-patched-linux-x86_64 0.2.0 8.28 103.92 112.20 OK
r-release-linux-x86_64 0.2.0 5.28 105.68 110.96 OK
r-release-macos-arm64 0.2.0 57.00 OK
r-release-macos-x86_64 0.2.0 114.00 OK
r-release-windows-x86_64 0.2.0 9.00 103.00 112.00 OK
r-oldrel-macos-arm64 0.2.0 52.00 OK
r-oldrel-macos-x86_64 0.2.0 98.00 OK
r-oldrel-windows-x86_64 0.2.0 10.00 118.00 128.00 OK

Check Details

Version: 0.2.0
Check: package dependencies
Result: ERROR Packages required but not available: 'mrgsolve', 'purrr', 'dplyr', 'ggplot2', 'tidyselect', 'tidyr', 'tibble', 'patchwork' Package suggested but not available for checking: ‘testthat’ See section ‘The DESCRIPTION file’ in the ‘Writing R Extensions’ manual. Flavor: r-devel-linux-x86_64-debian-gcc