CRAN Package Check Results for Package mongopipe

Last updated on 2024-05-20 19:51:36 CEST.

Flavor Version Tinstall Tcheck Ttotal Status Flags
r-devel-linux-x86_64-debian-clang 0.1.1 2.60 29.29 31.89 NOTE
r-devel-linux-x86_64-debian-gcc 0.1.1 2.15 23.03 25.18 NOTE
r-devel-linux-x86_64-fedora-clang 0.1.1 43.11 NOTE
r-devel-linux-x86_64-fedora-gcc 0.1.1 38.82 NOTE
r-devel-windows-x86_64 0.1.1 3.00 44.00 47.00 NOTE
r-patched-linux-x86_64 0.1.1 2.42 28.64 31.06 NOTE
r-release-linux-x86_64 0.1.1 2.66 28.46 31.12 NOTE
r-release-macos-arm64 0.1.1 18.00 NOTE
r-release-windows-x86_64 0.1.1 3.00 46.00 49.00 NOTE
r-oldrel-macos-arm64 0.1.1 19.00 NOTE
r-oldrel-macos-x86_64 0.1.1 24.00 NOTE
r-oldrel-windows-x86_64 0.1.1 3.00 49.00 52.00 NOTE

Check Details

Version: 0.1.1
Check: LazyData
Result: NOTE 'LazyData' is specified without a 'data' directory Flavors: r-devel-linux-x86_64-debian-clang, r-devel-linux-x86_64-debian-gcc, r-devel-linux-x86_64-fedora-clang, r-devel-linux-x86_64-fedora-gcc, r-devel-windows-x86_64, r-patched-linux-x86_64, r-release-linux-x86_64, r-release-macos-arm64, r-release-windows-x86_64, r-oldrel-macos-arm64, r-oldrel-macos-x86_64, r-oldrel-windows-x86_64