CRAN Package Check Results for Package mnonr

Last updated on 2024-05-25 19:54:26 CEST.

Flavor Version Tinstall Tcheck Ttotal Status Flags
r-devel-linux-x86_64-debian-clang 1.0.0 2.50 26.95 29.45 NOTE
r-devel-linux-x86_64-debian-gcc 1.0.0 1.82 20.36 22.18 NOTE
r-devel-linux-x86_64-fedora-clang 1.0.0 39.74 NOTE
r-devel-linux-x86_64-fedora-gcc 1.0.0 48.10 NOTE
r-devel-windows-x86_64 1.0.0 4.00 42.00 46.00 NOTE
r-patched-linux-x86_64 1.0.0 2.61 25.83 28.44 NOTE
r-release-linux-x86_64 1.0.0 2.62 26.24 28.86 NOTE
r-release-macos-arm64 1.0.0 22.00 NOTE
r-release-windows-x86_64 1.0.0 3.00 43.00 46.00 NOTE
r-oldrel-macos-arm64 1.0.0 20.00 NOTE
r-oldrel-macos-x86_64 1.0.0 32.00 NOTE
r-oldrel-windows-x86_64 1.0.0 4.00 47.00 51.00 NOTE

Check Details

Version: 1.0.0
Check: LazyData
Result: NOTE 'LazyData' is specified without a 'data' directory Flavors: r-devel-linux-x86_64-debian-clang, r-devel-linux-x86_64-debian-gcc, r-devel-linux-x86_64-fedora-clang, r-devel-linux-x86_64-fedora-gcc, r-devel-windows-x86_64, r-patched-linux-x86_64, r-release-linux-x86_64, r-release-macos-arm64, r-release-windows-x86_64, r-oldrel-macos-arm64, r-oldrel-macos-x86_64, r-oldrel-windows-x86_64