CRAN Package Check Results for Package mlmts

Last updated on 2024-06-12 19:54:27 CEST.

Flavor Version Tinstall Tcheck Ttotal Status Flags
r-devel-linux-x86_64-debian-clang 1.1.1 14.56 177.36 191.92 NOTE
r-devel-linux-x86_64-debian-gcc 1.1.1 0.57 1.79 2.36 ERROR
r-devel-linux-x86_64-fedora-clang 1.1.1 234.17 NOTE
r-devel-linux-x86_64-fedora-gcc 1.1.1 223.33 NOTE
r-devel-windows-x86_64 1.1.1 16.00 140.00 156.00 NOTE
r-patched-linux-x86_64 1.1.1 11.81 169.41 181.22 NOTE
r-release-linux-x86_64 1.1.1 13.06 170.19 183.25 NOTE
r-release-macos-arm64 1.1.1 93.00 NOTE
r-release-macos-x86_64 1.1.1 101.00 NOTE
r-release-windows-x86_64 1.1.1 16.00 142.00 158.00 NOTE
r-oldrel-macos-arm64 1.1.1 68.00 NOTE
r-oldrel-macos-x86_64 1.1.1 107.00 NOTE
r-oldrel-windows-x86_64 1.1.1 19.00 171.00 190.00 NOTE

Check Details

Version: 1.1.1
Check: package dependencies
Result: NOTE Packages suggested but not available for checking: 'ueadata1', 'ueadata2', 'ueadata3', 'ueadata4', 'ueadata5', 'ueadata6', 'ueadata7', 'ueadata8' Flavors: r-devel-linux-x86_64-debian-clang, r-devel-linux-x86_64-fedora-gcc, r-devel-windows-x86_64, r-patched-linux-x86_64, r-release-linux-x86_64, r-release-macos-arm64, r-release-macos-x86_64, r-release-windows-x86_64, r-oldrel-macos-arm64, r-oldrel-macos-x86_64, r-oldrel-windows-x86_64

Version: 1.1.1
Check: package dependencies
Result: ERROR Packages required but not available: 'TSclust', 'forecast', 'tsfeatures', 'ggplot2', 'fda.usc', 'TSdist', 'DescTools', 'ClusterR', 'AID', 'caret', 'igraph' Packages suggested but not available for checking: 'ueadata1', 'ueadata2', 'ueadata3', 'ueadata4', 'ueadata5', 'ueadata6', 'ueadata7', 'ueadata8', 'testthat' See section ‘The DESCRIPTION file’ in the ‘Writing R Extensions’ manual. Flavor: r-devel-linux-x86_64-debian-gcc

Version: 1.1.1
Check: package dependencies
Result: NOTE Packages suggested but not available for checking: 'ueadata1', 'ueadata2', 'ueadata3', 'ueadata4', 'ueadata5', 'ueadata6', 'ueadata7', 'ueadata8' Imports includes 32 non-default packages. Importing from so many packages makes the package vulnerable to any of them becoming unavailable. Move as many as possible to Suggests and use conditionally. Flavor: r-devel-linux-x86_64-fedora-clang

Version: 1.1.1
Check: dependencies in R code
Result: NOTE Namespaces in Imports field not imported from: ‘ClusterR’ ‘MASS’ ‘Rdpack’ ‘multiwave’ ‘randomForest’ ‘ranger’ All declared Imports should be used. Flavors: r-devel-linux-x86_64-fedora-clang, r-devel-linux-x86_64-fedora-gcc