Last updated on 2025-01-21 08:53:27 CET.
Flavor | Version | Tinstall | Tcheck | Ttotal | Status | Flags |
---|---|---|---|---|---|---|
r-devel-linux-x86_64-debian-clang | 1.0.4 | 84.46 | 255.43 | 339.89 | OK | |
r-devel-linux-x86_64-debian-gcc | 1.0.4 | 57.74 | 185.67 | 243.41 | OK | |
r-devel-linux-x86_64-fedora-clang | 1.0.4 | 576.35 | OK | |||
r-devel-linux-x86_64-fedora-gcc | 1.0.4 | 605.07 | OK | |||
r-devel-windows-x86_64 | 1.0.4 | 86.00 | 303.00 | 389.00 | OK | |
r-patched-linux-x86_64 | 1.0.4 | 84.44 | 267.25 | 351.69 | OK | |
r-release-linux-x86_64 | 1.0.4 | 82.56 | 264.68 | 347.24 | OK | |
r-release-macos-arm64 | 1.0.4 | 188.00 | NOTE | |||
r-release-macos-x86_64 | 1.0.4 | 265.00 | NOTE | |||
r-release-windows-x86_64 | 1.0.4 | 89.00 | 320.00 | 409.00 | OK | |
r-oldrel-macos-arm64 | 1.0.4 | 192.00 | NOTE | |||
r-oldrel-macos-x86_64 | 1.0.4 | 409.00 | NOTE | |||
r-oldrel-windows-x86_64 | 1.0.4 | 98.00 | 412.00 | 510.00 | OK |
Version: 1.0.4
Check: installed package size
Result: NOTE
installed size is 6.8Mb
sub-directories of 1Mb or more:
libs 4.7Mb
Flavors: r-release-macos-arm64, r-release-macos-x86_64, r-oldrel-macos-arm64, r-oldrel-macos-x86_64