CRAN Package Check Results for Package mimi

Last updated on 2023-01-31 17:54:12 CET.

Flavor Version Tinstall Tcheck Ttotal Status Flags
r-devel-linux-x86_64-debian-clang 0.2.0 7.16 47.44 54.60 OK
r-devel-linux-x86_64-debian-gcc 0.2.0 5.65 34.47 40.12 OK
r-devel-linux-x86_64-fedora-clang 0.2.0 66.46 NOTE
r-devel-linux-x86_64-fedora-gcc 0.2.0 62.09 NOTE
r-devel-windows-x86_64 0.2.0 11.00 72.00 83.00 OK
r-patched-linux-x86_64 0.2.0 5.36 45.20 50.56 OK
r-release-linux-x86_64 0.2.0 5.94 45.36 51.30 OK
r-release-macos-arm64 0.2.0 22.00 NOTE
r-release-macos-x86_64 0.2.0 38.00 NOTE
r-release-windows-x86_64 0.2.0 15.00 77.00 92.00 OK
r-oldrel-macos-arm64 0.2.0 26.00 NOTE
r-oldrel-macos-x86_64 0.2.0 35.00 NOTE
r-oldrel-windows-ix86+x86_64 0.2.0 14.00 69.00 83.00 OK

Check Details

Version: 0.2.0
Check: dependencies in R code
Result: NOTE
    Namespaces in Imports field not imported from:
     ‘FactoMineR’ ‘softImpute’
     All declared Imports should be used.
Flavors: r-devel-linux-x86_64-fedora-clang, r-devel-linux-x86_64-fedora-gcc, r-release-macos-arm64, r-release-macos-x86_64, r-oldrel-macos-arm64, r-oldrel-macos-x86_64