CRAN Package Check Results for Package midas

Last updated on 2024-06-17 19:51:34 CEST.

Flavor Version Tinstall Tcheck Ttotal Status Flags
r-devel-linux-x86_64-debian-clang 1.0.1 3.51 36.87 40.38 NOTE
r-devel-linux-x86_64-debian-gcc 1.0.1 3.26 28.90 32.16 NOTE
r-devel-linux-x86_64-fedora-clang 1.0.1 51.53 NOTE
r-devel-linux-x86_64-fedora-gcc 1.0.1 51.25 NOTE
r-devel-windows-x86_64 1.0.1 4.00 58.00 62.00 NOTE
r-patched-linux-x86_64 1.0.1 3.17 37.00 40.17 NOTE
r-release-linux-x86_64 1.0.1 3.74 36.43 40.17 NOTE
r-release-macos-arm64 1.0.1 21.00 NOTE
r-release-macos-x86_64 1.0.1 30.00 NOTE
r-release-windows-x86_64 1.0.1 5.00 55.00 60.00 NOTE
r-oldrel-macos-arm64 1.0.1 20.00 NOTE
r-oldrel-macos-x86_64 1.0.1 29.00 NOTE
r-oldrel-windows-x86_64 1.0.1 6.00 58.00 64.00 NOTE

Check Details

Version: 1.0.1
Check: LazyData
Result: NOTE 'LazyData' is specified without a 'data' directory Flavors: r-devel-linux-x86_64-debian-clang, r-devel-linux-x86_64-debian-gcc, r-devel-linux-x86_64-fedora-clang, r-devel-linux-x86_64-fedora-gcc, r-devel-windows-x86_64, r-patched-linux-x86_64, r-release-linux-x86_64, r-release-macos-arm64, r-release-macos-x86_64, r-release-windows-x86_64, r-oldrel-macos-arm64, r-oldrel-macos-x86_64, r-oldrel-windows-x86_64