Last updated on 2023-01-26 18:49:26 CET.
Flavor | Version | Tinstall | Tcheck | Ttotal | Status | Flags |
---|---|---|---|---|---|---|
r-devel-linux-x86_64-debian-clang | 0.3-4 | 21.53 | 30.67 | 52.20 | OK | |
r-devel-linux-x86_64-debian-gcc | 0.3-4 | 16.75 | 24.08 | 40.83 | OK | |
r-devel-linux-x86_64-fedora-clang | 0.3-4 | 75.17 | NOTE | |||
r-devel-linux-x86_64-fedora-gcc | 0.3-4 | 70.28 | NOTE | |||
r-patched-linux-x86_64 | 0.3-4 | 17.09 | 31.07 | 48.16 | OK | |
r-release-linux-x86_64 | 0.3-4 | 17.94 | 30.99 | 48.93 | OK | |
r-release-macos-arm64 | 0.3-4 | 22.00 | OK | |||
r-release-macos-x86_64 | 0.3-4 | 31.00 | OK | |||
r-release-windows-x86_64 | 0.3-4 | 41.00 | 77.00 | 118.00 | OK | |
r-oldrel-macos-arm64 | 0.3-4 | 29.00 | OK | |||
r-oldrel-macos-x86_64 | 0.3-4 | 41.00 | OK | |||
r-oldrel-windows-ix86+x86_64 | 0.3-4 | 58.00 | 81.00 | 139.00 | OK |
Version: 0.3-4
Check: C++ specification
Result: NOTE
Specified C++11: please update to current default of C++17
Flavors: r-devel-linux-x86_64-fedora-clang, r-devel-linux-x86_64-fedora-gcc