CRAN Package Check Results for Package metamicrobiomeR

Last updated on 2024-06-12 19:54:27 CEST.

Flavor Version Tinstall Tcheck Ttotal Status Flags
r-devel-linux-x86_64-debian-clang 1.2 15.75 195.58 211.33 OK
r-devel-linux-x86_64-debian-gcc 1.2 0.38 1.83 2.21 ERROR
r-devel-linux-x86_64-fedora-clang 1.2 266.62 NOTE
r-devel-linux-x86_64-fedora-gcc 1.2 262.42 NOTE
r-devel-windows-x86_64 1.2 14.00 154.00 168.00 OK
r-patched-linux-x86_64 1.2 14.87 193.06 207.93 OK
r-release-linux-x86_64 1.2 14.80 192.31 207.11 OK
r-release-macos-arm64 1.2 76.00 OK
r-release-macos-x86_64 1.2 112.00 OK
r-release-windows-x86_64 1.2 14.00 153.00 167.00 OK
r-oldrel-macos-arm64 1.2 90.00 OK
r-oldrel-macos-x86_64 1.2 125.00 NOTE
r-oldrel-windows-x86_64 1.2 18.00 190.00 208.00 OK

Check Details

Version: 1.2
Check: package dependencies
Result: ERROR Packages required but not available: 'meta', 'lme4', 'dplyr', 'tidyr', 'ggplot2', 'lmerTest' Packages suggested but not available for checking: 'testthat', 'reshape2', 'caret', 'tsibble' See section ‘The DESCRIPTION file’ in the ‘Writing R Extensions’ manual. Flavor: r-devel-linux-x86_64-debian-gcc

Version: 1.2
Check: dependencies in R code
Result: NOTE Namespace in Imports field not imported from: ‘lmerTest’ All declared Imports should be used. Flavors: r-devel-linux-x86_64-fedora-clang, r-devel-linux-x86_64-fedora-gcc

Version: 1.2
Check: package dependencies
Result: NOTE Package suggested but not available for checking: ‘caret’ Flavor: r-oldrel-macos-x86_64