CRAN Package Check Results for Package memofunc

Last updated on 2024-05-24 19:56:37 CEST.

Flavor Version Tinstall Tcheck Ttotal Status Flags
r-devel-linux-x86_64-debian-clang 1.0.2 2.56 29.25 31.81 NOTE
r-devel-linux-x86_64-debian-gcc 1.0.2 1.84 23.16 25.00 NOTE
r-devel-linux-x86_64-fedora-clang 1.0.2 41.04 NOTE
r-devel-linux-x86_64-fedora-gcc 1.0.2 39.23 NOTE
r-devel-windows-x86_64 1.0.2 3.00 58.00 61.00 NOTE
r-patched-linux-x86_64 1.0.2 2.34 28.98 31.32 NOTE
r-release-linux-x86_64 1.0.2 2.24 28.17 30.41 NOTE
r-release-macos-arm64 1.0.2 20.00 NOTE
r-release-windows-x86_64 1.0.2 3.00 57.00 60.00 NOTE
r-oldrel-macos-arm64 1.0.2 21.00 NOTE
r-oldrel-macos-x86_64 1.0.2 27.00 NOTE
r-oldrel-windows-x86_64 1.0.2 3.00 59.00 62.00 NOTE

Check Details

Version: 1.0.2
Check: LazyData
Result: NOTE 'LazyData' is specified without a 'data' directory Flavors: r-devel-linux-x86_64-debian-clang, r-devel-linux-x86_64-debian-gcc, r-devel-linux-x86_64-fedora-clang, r-devel-linux-x86_64-fedora-gcc, r-devel-windows-x86_64, r-patched-linux-x86_64, r-release-linux-x86_64, r-release-macos-arm64, r-release-windows-x86_64, r-oldrel-macos-arm64, r-oldrel-macos-x86_64, r-oldrel-windows-x86_64