Last updated on 2023-01-31 17:54:11 CET.
Flavor | Version | Tinstall | Tcheck | Ttotal | Status | Flags |
---|---|---|---|---|---|---|
r-devel-linux-x86_64-debian-clang | 0.1.6 | 145.86 | 98.89 | 244.75 | WARN | |
r-devel-linux-x86_64-debian-gcc | 0.1.6 | 126.51 | 64.66 | 191.17 | WARN | |
r-devel-linux-x86_64-fedora-clang | 0.1.6 | 342.45 | WARN | |||
r-devel-linux-x86_64-fedora-gcc | 0.1.6 | 333.86 | WARN | |||
r-devel-windows-x86_64 | 0.1.6 | 147.00 | 148.00 | 295.00 | NOTE | |
r-patched-linux-x86_64 | 0.1.6 | 115.24 | 89.19 | 204.43 | OK | |
r-release-linux-x86_64 | 0.1.6 | 114.33 | 87.79 | 202.12 | OK | |
r-release-macos-arm64 | 0.1.6 | 82.00 | NOTE | |||
r-release-macos-x86_64 | 0.1.6 | 99.00 | NOTE | |||
r-release-windows-x86_64 | 0.1.6 | 130.00 | 149.00 | 279.00 | OK | |
r-oldrel-macos-arm64 | 0.1.6 | 85.00 | NOTE | |||
r-oldrel-macos-x86_64 | 0.1.6 | 111.00 | NOTE | |||
r-oldrel-windows-ix86+x86_64 | 0.1.6 | 363.00 | 224.00 | 587.00 | OK |
Version: 0.1.6
Check: whether package can be installed
Result: WARN
Found the following significant warnings:
./threat-safe-random.h:58:24: warning: a function declaration without a prototype is deprecated in all versions of C [-Wstrict-prototypes]
./threat-safe-random.h:70:24: warning: a function declaration without a prototype is deprecated in all versions of C [-Wstrict-prototypes]
See ‘/home/hornik/tmp/R.check/r-devel-clang/Work/PKGS/mdgc.Rcheck/00install.out’ for details.
* used C compiler: ‘Debian clang version 15.0.6’
* used Fortran compiler: ‘GNU Fortran (Debian 12.2.0-14) 12.2.0’
* used C++ compiler: ‘Debian clang version 15.0.6’
Flavor: r-devel-linux-x86_64-debian-clang
Version: 0.1.6
Check: C++ specification
Result: NOTE
Specified C++14: please update to current default of C++17
Flavors: r-devel-linux-x86_64-debian-clang, r-devel-linux-x86_64-debian-gcc, r-devel-linux-x86_64-fedora-clang, r-devel-linux-x86_64-fedora-gcc, r-devel-windows-x86_64
Version: 0.1.6
Check: whether package can be installed
Result: WARN
Found the following significant warnings:
threat-safe-random.h:58:1: warning: function declaration isn’t a prototype [-Wstrict-prototypes]
threat-safe-random.h:70:1: warning: function declaration isn’t a prototype [-Wstrict-prototypes]
See ‘/home/hornik/tmp/R.check/r-devel-gcc/Work/PKGS/mdgc.Rcheck/00install.out’ for details.
* used C compiler: ‘gcc-12 (Debian 12.2.0-14) 12.2.0’
* used Fortran compiler: ‘GNU Fortran (Debian 12.2.0-14) 12.2.0’
* used C++ compiler: ‘g++-12 (Debian 12.2.0-14) 12.2.0’
Flavor: r-devel-linux-x86_64-debian-gcc
Version: 0.1.6
Check: whether package can be installed
Result: WARN
Found the following significant warnings:
./threat-safe-random.h:58:24: warning: a function declaration without a prototype is deprecated in all versions of C [-Wstrict-prototypes]
./threat-safe-random.h:70:24: warning: a function declaration without a prototype is deprecated in all versions of C [-Wstrict-prototypes]
See ‘/data/gannet/ripley/R/packages/tests-clang/mdgc.Rcheck/00install.out’ for details.
* used C compiler: ‘clang version 15.0.7’
* used Fortran compiler: ‘GNU Fortran (GCC) 12.2.1 20221121 (Red Hat 12.2.1-4)’
* used C++ compiler: ‘clang version 15.0.7’
Flavor: r-devel-linux-x86_64-fedora-clang
Version: 0.1.6
Check: whether package can be installed
Result: WARN
Found the following significant warnings:
threat-safe-random.h:58:1: warning: function declaration isn’t a prototype [-Wstrict-prototypes]
threat-safe-random.h:70:1: warning: function declaration isn’t a prototype [-Wstrict-prototypes]
See ‘/data/gannet/ripley/R/packages/tests-devel/mdgc.Rcheck/00install.out’ for details.
* used C compiler: ‘gcc (GCC) 12.2.1 20221121 (Red Hat 12.2.1-4)’
* used Fortran compiler: ‘GNU Fortran (GCC) 12.2.1 20221121 (Red Hat 12.2.1-4)’
* used C++ compiler: ‘g++ (GCC) 12.2.1 20221121 (Red Hat 12.2.1-4)’
Flavor: r-devel-linux-x86_64-fedora-gcc
Version: 0.1.6
Check: installed package size
Result: NOTE
installed size is 10.8Mb
sub-directories of 1Mb or more:
libs 10.4Mb
Flavors: r-release-macos-arm64, r-release-macos-x86_64, r-oldrel-macos-arm64, r-oldrel-macos-x86_64