CRAN Package Check Results for Package mcunit

Last updated on 2024-05-25 19:54:25 CEST.

Flavor Version Tinstall Tcheck Ttotal Status Flags
r-devel-linux-x86_64-debian-clang 0.3.2 3.05 88.98 92.03 NOTE
r-devel-linux-x86_64-debian-gcc 0.3.2 2.22 61.34 63.56 NOTE
r-devel-linux-x86_64-fedora-clang 0.3.2 112.43 NOTE
r-devel-linux-x86_64-fedora-gcc 0.3.2 119.53 NOTE
r-devel-windows-x86_64 0.3.2 4.00 79.00 83.00 NOTE
r-patched-linux-x86_64 0.3.2 1.70 83.01 84.71 NOTE
r-release-linux-x86_64 0.3.2 1.83 83.97 85.80 NOTE
r-release-macos-arm64 0.3.2 40.00 NOTE
r-release-windows-x86_64 0.3.2 4.00 79.00 83.00 NOTE
r-oldrel-macos-arm64 0.3.2 46.00 NOTE
r-oldrel-macos-x86_64 0.3.2 72.00 NOTE
r-oldrel-windows-x86_64 0.3.2 5.00 94.00 99.00 NOTE

Check Details

Version: 0.3.2
Check: package subdirectories
Result: NOTE Problems with news in ‘NEWS.md’: Cannot extract version info from the following section titles: Initial version. Flavors: r-devel-linux-x86_64-debian-clang, r-devel-linux-x86_64-debian-gcc, r-devel-linux-x86_64-fedora-clang, r-devel-linux-x86_64-fedora-gcc, r-devel-windows-x86_64, r-patched-linux-x86_64, r-release-linux-x86_64, r-release-macos-arm64, r-release-windows-x86_64, r-oldrel-macos-arm64, r-oldrel-macos-x86_64, r-oldrel-windows-x86_64